Last updated on 2019-12-05 00:51:57 CET.
Flavor | Version | Tinstall | Tcheck | Ttotal | Status | Flags |
---|---|---|---|---|---|---|
r-devel-linux-x86_64-debian-clang | 0.17.1 | 21.66 | 35.55 | 57.21 | OK | |
r-devel-linux-x86_64-debian-gcc | 0.17.1 | 12.51 | 27.74 | 40.25 | OK | |
r-devel-linux-x86_64-fedora-clang | 0.17.1 | 68.63 | OK | |||
r-devel-linux-x86_64-fedora-gcc | 0.17.1 | 62.60 | OK | |||
r-devel-windows-ix86+x86_64 | 0.17.1 | 64.00 | 109.00 | 173.00 | ERROR | |
r-devel-windows-ix86+x86_64-gcc8 | 0.17.1 | 44.00 | 71.00 | 115.00 | OK | |
r-patched-linux-x86_64 | 0.17.1 | 14.91 | 32.71 | 47.62 | OK | |
r-patched-solaris-x86 | 0.17.1 | 78.60 | OK | |||
r-release-linux-x86_64 | 0.17.1 | 13.54 | 34.62 | 48.16 | OK | |
r-release-windows-ix86+x86_64 | 0.17.1 | 56.00 | 100.00 | 156.00 | OK | |
r-release-osx-x86_64 | 0.17.1 | OK | ||||
r-oldrel-windows-ix86+x86_64 | 0.17.1 | 30.00 | 91.00 | 121.00 | OK | |
r-oldrel-osx-x86_64 | 0.17.1 | OK |
Version: 0.17.1
Check: running tests for arch ‘i386’
Result: ERROR
Running 'testthat.R' [0s]
Flavor: r-devel-windows-ix86+x86_64
Version: 0.17.1
Check: re-building of vignette outputs
Result: WARN
Error(s) in re-building vignettes:
--- re-building 'JuliaCall_in_Jupyter_R_Notebook.Rmd' using rmarkdown
Error: processing vignette 'JuliaCall_in_Jupyter_R_Notebook.Rmd' failed with diagnostics:
there is no package called 'stringi'
--- failed re-building 'JuliaCall_in_Jupyter_R_Notebook.Rmd'
--- re-building 'Julia_in_RMarkdown.Rmd' using rmarkdown
Error: processing vignette 'Julia_in_RMarkdown.Rmd' failed with diagnostics:
there is no package called 'stringi'
--- failed re-building 'Julia_in_RMarkdown.Rmd'
SUMMARY: processing the following files failed:
'JuliaCall_in_Jupyter_R_Notebook.Rmd' 'Julia_in_RMarkdown.Rmd'
Error: Vignette re-building failed.
Execution halted
Flavor: r-devel-windows-ix86+x86_64