CRAN Package Check Results for Package IQCC

Last updated on 2019-06-25 01:49:00 CEST.

Flavor Version Tinstall Tcheck Ttotal Status Flags
r-devel-linux-x86_64-debian-clang 0.7 3.09 23.21 26.30 OK
r-devel-linux-x86_64-debian-gcc 0.7 2.33 18.60 20.93 OK
r-devel-linux-x86_64-fedora-clang 0.7 31.58 OK
r-devel-linux-x86_64-fedora-gcc 0.7 30.03 OK
r-devel-windows-ix86+x86_64 0.7 7.00 50.00 57.00 OK
r-patched-linux-x86_64 0.7 2.53 23.45 25.98 NOTE
r-patched-solaris-x86 0.7 45.60 OK
r-release-linux-x86_64 0.7 3.00 23.79 26.79 NOTE
r-release-windows-ix86+x86_64 0.7 6.00 52.00 58.00 OK
r-release-osx-x86_64 0.7 OK
r-oldrel-windows-ix86+x86_64 0.7 4.00 36.00 40.00 OK
r-oldrel-osx-x86_64 0.7 OK

Check Details

Version: 0.7
Check: DESCRIPTION meta-information
Result: NOTE
    Dependence on R version ‘3.4.2’ not with patchlevel 0
Flavors: r-patched-linux-x86_64, r-release-linux-x86_64