CRAN Package Check Results for Package ICsurv

Last updated on 2019-08-18 01:46:11 CEST.

Flavor Version Tinstall Tcheck Ttotal Status Flags
r-devel-linux-x86_64-debian-clang 1.0 3.21 24.11 27.32 NOTE
r-devel-linux-x86_64-debian-gcc 1.0 2.36 19.29 21.65 NOTE
r-devel-linux-x86_64-fedora-clang 1.0 34.28 NOTE
r-devel-linux-x86_64-fedora-gcc 1.0 32.06 NOTE
r-devel-windows-ix86+x86_64 1.0 9.00 48.00 57.00 NOTE
r-patched-linux-x86_64 1.0 2.50 23.94 26.44 NOTE
r-patched-solaris-x86 1.0 50.80 NOTE
r-release-linux-x86_64 1.0 2.66 24.29 26.95 NOTE
r-release-windows-ix86+x86_64 1.0 8.00 47.00 55.00 NOTE
r-release-osx-x86_64 1.0 NOTE
r-oldrel-windows-ix86+x86_64 1.0 6.00 47.00 53.00 NOTE
r-oldrel-osx-x86_64 1.0 NOTE

Check Details

Version: 1.0
Check: R code for possible problems
Result: NOTE
    PH.ICsurv.EM: no visible global function definition for 'quantile'
    PH.ICsurv.EM: no visible global function definition for 'optim'
    fast.PH.ICsurv.EM: no visible global function definition for 'quantile'
    fast.PH.ICsurv.EM: no visible global function definition for 'optim'
    Undefined global functions or variables:
     optim quantile
    Consider adding
     importFrom("stats", "optim", "quantile")
    to your NAMESPACE file.
Flavors: r-devel-linux-x86_64-debian-clang, r-devel-linux-x86_64-debian-gcc, r-devel-linux-x86_64-fedora-clang, r-devel-linux-x86_64-fedora-gcc, r-devel-windows-ix86+x86_64, r-patched-linux-x86_64, r-patched-solaris-x86, r-release-linux-x86_64, r-release-windows-ix86+x86_64, r-release-osx-x86_64, r-oldrel-windows-ix86+x86_64, r-oldrel-osx-x86_64