CRAN Package Check Results for Package GrammR

Last updated on 2019-12-05 00:51:55 CET.

Flavor Version Tinstall Tcheck Ttotal Status Flags
r-devel-linux-x86_64-debian-clang 1.1.0 16.43 116.90 133.33 NOTE
r-devel-linux-x86_64-debian-gcc 1.1.0 12.24 93.05 105.29 NOTE
r-devel-linux-x86_64-fedora-clang 1.1.0 147.31 NOTE
r-devel-linux-x86_64-fedora-gcc 1.1.0 150.36 NOTE
r-devel-windows-ix86+x86_64 1.1.0 73.00 5.00 78.00 ERROR
r-devel-windows-ix86+x86_64-gcc8 1.1.0 128.00 6.00 134.00 ERROR
r-patched-linux-x86_64 1.1.0 13.08 105.57 118.65 OK
r-patched-solaris-x86 1.1.0 229.00 OK
r-release-linux-x86_64 1.1.0 16.44 112.69 129.13 OK
r-release-windows-ix86+x86_64 1.1.0 26.00 155.00 181.00 OK
r-release-osx-x86_64 1.1.0 OK
r-oldrel-windows-ix86+x86_64 1.1.0 18.00 166.00 184.00 OK
r-oldrel-osx-x86_64 1.1.0 OK

Check Details

Version: 1.1.0
Check: for non-standard things in the check directory
Result: NOTE
    Found the following files/directories:
     'Data_Kendall's tau-distance'
Flavors: r-devel-linux-x86_64-debian-clang, r-devel-linux-x86_64-debian-gcc, r-devel-linux-x86_64-fedora-clang, r-devel-linux-x86_64-fedora-gcc

Version: 1.1.0
Check: compiled code
Result: NOTE
    File ‘GrammR/libs/GrammR.so’:
     Found no calls to: ‘R_registerRoutines’, ‘R_useDynamicSymbols’
    
    It is good practice to register native routines and to disable symbol
    search.
    
    See ‘Writing portable packages’ in the ‘Writing R Extensions’ manual.
Flavors: r-devel-linux-x86_64-fedora-clang, r-devel-linux-x86_64-fedora-gcc

Version: 1.1.0
Check: whether package can be installed
Result: ERROR
    Installation failed.
Flavors: r-devel-windows-ix86+x86_64, r-devel-windows-ix86+x86_64-gcc8