CRAN Package Check Results for Package GrammR

Last updated on 2019-08-18 01:46:10 CEST.

Flavor Version Tinstall Tcheck Ttotal Status Flags
r-devel-linux-x86_64-debian-clang 1.1.0 16.12 105.05 121.17 NOTE
r-devel-linux-x86_64-debian-gcc 1.1.0 12.49 83.93 96.42 NOTE
r-devel-linux-x86_64-fedora-clang 1.1.0 147.73 NOTE
r-devel-linux-x86_64-fedora-gcc 1.1.0 143.85 NOTE
r-devel-windows-ix86+x86_64 1.1.0 41.00 225.00 266.00 OK
r-patched-linux-x86_64 1.1.0 13.89 104.44 118.33 OK
r-patched-solaris-x86 1.1.0 253.70 OK
r-release-linux-x86_64 1.1.0 13.84 103.79 117.63 OK
r-release-windows-ix86+x86_64 1.1.0 40.00 229.00 269.00 OK
r-release-osx-x86_64 1.1.0 OK
r-oldrel-windows-ix86+x86_64 1.1.0 24.00 212.00 236.00 OK
r-oldrel-osx-x86_64 1.1.0 OK

Check Details

Version: 1.1.0
Check: for non-standard things in the check directory
Result: NOTE
    Found the following files/directories:
     'Data_Kendall's tau-distance'
Flavors: r-devel-linux-x86_64-debian-clang, r-devel-linux-x86_64-debian-gcc, r-devel-linux-x86_64-fedora-clang, r-devel-linux-x86_64-fedora-gcc

Version: 1.1.0
Check: compiled code
Result: NOTE
    File ‘GrammR/libs/GrammR.so’:
     Found no calls to: ‘R_registerRoutines’, ‘R_useDynamicSymbols’
    
    It is good practice to register native routines and to disable symbol
    search.
    
    See ‘Writing portable packages’ in the ‘Writing R Extensions’ manual.
Flavors: r-devel-linux-x86_64-fedora-clang, r-devel-linux-x86_64-fedora-gcc