CRAN Package Check Results for Package GibbsACOV

Last updated on 2019-09-15 01:46:55 CEST.

Flavor Version Tinstall Tcheck Ttotal Status Flags
r-devel-linux-x86_64-debian-clang 1.1 1.92 21.24 23.16 NOTE
r-devel-linux-x86_64-debian-gcc 1.1 1.81 17.23 19.04 NOTE
r-devel-linux-x86_64-fedora-clang 1.1 28.71 NOTE
r-devel-linux-x86_64-fedora-gcc 1.1 27.49 NOTE
r-devel-windows-ix86+x86_64 1.1 8.00 34.00 42.00 NOTE
r-patched-linux-x86_64 1.1 1.71 21.39 23.10 NOTE
r-patched-solaris-x86 1.1 43.10 NOTE
r-release-linux-x86_64 1.1 1.92 21.23 23.15 NOTE
r-release-windows-ix86+x86_64 1.1 5.00 48.00 53.00 NOTE
r-release-osx-x86_64 1.1 NOTE
r-oldrel-windows-ix86+x86_64 1.1 4.00 34.00 38.00 NOTE
r-oldrel-osx-x86_64 1.1 NOTE

Check Details

Version: 1.1
Check: R code for possible problems
Result: NOTE
    acovamcmc: no visible global function definition for 'rnorm'
    acovamcmc: no visible global function definition for 'rgamma'
    acovamcmc: no visible binding for global variable 'quantile'
    acovamcmc: no visible global function definition for 'quantile'
    acovamcmc: no visible global function definition for 'var'
    plot.acovamcmc: no visible global function definition for 'dev.new'
    plot.acovamcmc: no visible global function definition for 'par'
    plot.acovamcmc: no visible global function definition for 'plot'
    plot.acovamcmc: no visible global function definition for 'density'
    plot.acovamcmc: no visible global function definition for 'acf'
    plot.acovamcmc: no visible global function definition for 'contour'
    plot.acovamcmc: no visible global function definition for 'image'
    plot.acovamcmc: no visible global function definition for 'persp'
    Undefined global functions or variables:
     acf contour density dev.new image par persp plot quantile rgamma
     rnorm var
    Consider adding
     importFrom("grDevices", "dev.new")
     importFrom("graphics", "contour", "image", "par", "persp", "plot")
     importFrom("stats", "acf", "density", "quantile", "rgamma", "rnorm",
     "var")
    to your NAMESPACE file.
Flavors: r-devel-linux-x86_64-debian-clang, r-devel-linux-x86_64-debian-gcc, r-devel-linux-x86_64-fedora-clang, r-devel-linux-x86_64-fedora-gcc, r-devel-windows-ix86+x86_64, r-patched-linux-x86_64, r-patched-solaris-x86, r-release-linux-x86_64, r-release-windows-ix86+x86_64, r-release-osx-x86_64, r-oldrel-windows-ix86+x86_64, r-oldrel-osx-x86_64