CRAN Package Check Results for Package GWLelast

Last updated on 2020-01-27 00:48:04 CET.

Flavor Version Tinstall Tcheck Ttotal Status Flags
r-devel-linux-x86_64-debian-clang 1.2.2 8.17 59.80 67.97 OK
r-devel-linux-x86_64-debian-gcc 1.2.2 6.98 46.87 53.85 OK
r-devel-linux-x86_64-fedora-clang 1.2.2 81.03 NOTE
r-devel-linux-x86_64-fedora-gcc 1.2.2 78.51 NOTE
r-devel-windows-ix86+x86_64 1.2.2 19.00 92.00 111.00 OK
r-devel-windows-ix86+x86_64-gcc8 1.2.2 19.00 68.00 87.00 OK
r-patched-linux-x86_64 1.2.2 7.11 53.77 60.88 OK
r-patched-solaris-x86 1.2.2 111.00 NOTE
r-release-linux-x86_64 1.2.2 6.25 52.67 58.92 OK
r-release-windows-ix86+x86_64 1.2.2 10.00 63.00 73.00 OK
r-release-osx-x86_64 1.2.2 NOTE
r-oldrel-windows-ix86+x86_64 1.2.2 7.00 55.00 62.00 OK
r-oldrel-osx-x86_64 1.2.2 NOTE

Check Details

Version: 1.2.2
Check: dependencies in R code
Result: NOTE
    Namespaces in Imports field not imported from:
     ‘doParallel’ ‘foreach’ ‘spgwr’
     All declared Imports should be used.
Flavors: r-devel-linux-x86_64-fedora-clang, r-devel-linux-x86_64-fedora-gcc, r-patched-solaris-x86, r-release-osx-x86_64, r-oldrel-osx-x86_64