CRAN Package Check Results for Package GWLelast

Last updated on 2019-08-25 01:47:16 CEST.

Flavor Version Tinstall Tcheck Ttotal Status Flags
r-devel-linux-x86_64-debian-clang 1.2.2 6.91 55.11 62.02 OK
r-devel-linux-x86_64-debian-gcc 1.2.2 6.67 43.94 50.61 OK
r-devel-linux-x86_64-fedora-clang 1.2.2 74.09 NOTE
r-devel-linux-x86_64-fedora-gcc 1.2.2 73.55 NOTE
r-devel-windows-ix86+x86_64 1.2.2 13.00 64.00 77.00 OK
r-patched-linux-x86_64 1.2.2 6.25 53.95 60.20 OK
r-patched-solaris-x86 1.2.2 116.70 NOTE
r-release-linux-x86_64 1.2.2 6.44 53.96 60.40 OK
r-release-windows-ix86+x86_64 1.2.2 16.00 83.00 99.00 OK
r-release-osx-x86_64 1.2.2 NOTE
r-oldrel-windows-ix86+x86_64 1.2.2 10.00 85.00 95.00 OK
r-oldrel-osx-x86_64 1.2.2 NOTE

Check Details

Version: 1.2.2
Check: dependencies in R code
Result: NOTE
    Namespaces in Imports field not imported from:
     ‘doParallel’ ‘foreach’ ‘spgwr’
     All declared Imports should be used.
Flavors: r-devel-linux-x86_64-fedora-clang, r-devel-linux-x86_64-fedora-gcc, r-patched-solaris-x86, r-release-osx-x86_64, r-oldrel-osx-x86_64