CRAN Package Check Results for Package GVARX

Last updated on 2019-09-17 01:50:10 CEST.

Flavor Version Tinstall Tcheck Ttotal Status Flags
r-devel-linux-x86_64-debian-clang 1.1 5.62 75.46 81.08 OK
r-devel-linux-x86_64-debian-gcc 1.1 OK
r-devel-linux-x86_64-fedora-clang 1.1 91.86 NOTE
r-devel-linux-x86_64-fedora-gcc 1.1 91.70 NOTE
r-devel-windows-ix86+x86_64 1.1 18.00 128.00 146.00 OK
r-patched-linux-x86_64 1.1 5.27 72.25 77.52 OK
r-patched-solaris-x86 1.1 136.50 NOTE
r-release-linux-x86_64 1.1 4.29 72.77 77.06 OK
r-release-windows-ix86+x86_64 1.1 9.00 83.00 92.00 OK
r-release-osx-x86_64 1.1 NOTE
r-oldrel-windows-ix86+x86_64 1.1 9.00 92.00 101.00 OK
r-oldrel-osx-x86_64 1.1 NOTE

Check Details

Version: 1.1
Check: dependencies in R code
Result: NOTE
    Namespace in Imports field not imported from: ‘urca’
     All declared Imports should be used.
Flavors: r-devel-linux-x86_64-fedora-clang, r-devel-linux-x86_64-fedora-gcc, r-patched-solaris-x86, r-release-osx-x86_64, r-oldrel-osx-x86_64