CRAN Package Check Results for Package GVARX

Last updated on 2019-06-19 01:47:04 CEST.

Flavor Version Tinstall Tcheck Ttotal Status Flags
r-devel-linux-x86_64-debian-clang 1.1 5.21 77.19 82.40 OK
r-devel-linux-x86_64-debian-gcc 1.1 3.78 56.78 60.56 OK
r-devel-linux-x86_64-fedora-clang 1.1 90.36 NOTE
r-devel-linux-x86_64-fedora-gcc 1.1 87.85 NOTE
r-devel-windows-ix86+x86_64 1.1 12.00 121.00 133.00 OK
r-patched-linux-x86_64 1.1 4.91 74.26 79.17 OK
r-patched-solaris-x86 1.1 145.00 NOTE
r-release-linux-x86_64 1.1 5.03 76.47 81.50 OK
r-release-windows-ix86+x86_64 1.1 15.00 119.00 134.00 OK
r-release-osx-x86_64 1.1 NOTE
r-oldrel-windows-ix86+x86_64 1.1 5.00 114.00 119.00 OK
r-oldrel-osx-x86_64 1.1 NOTE

Check Details

Version: 1.1
Check: dependencies in R code
Result: NOTE
    Namespace in Imports field not imported from: ‘urca’
     All declared Imports should be used.
Flavors: r-devel-linux-x86_64-fedora-clang, r-devel-linux-x86_64-fedora-gcc, r-patched-solaris-x86, r-release-osx-x86_64, r-oldrel-osx-x86_64