CRAN Package Check Results for Package GGIR

Last updated on 2019-09-20 01:47:45 CEST.

Flavor Version Tinstall Tcheck Ttotal Status Flags
r-devel-linux-x86_64-debian-clang 1.10-4 42.09 99.74 141.83 OK
r-devel-linux-x86_64-debian-gcc 1.10-4 31.16 75.41 106.57 OK
r-devel-linux-x86_64-fedora-clang 1.10-4 177.26 OK
r-devel-linux-x86_64-fedora-gcc 1.10-4 166.87 OK
r-devel-windows-ix86+x86_64 1.10-4 64.00 148.00 212.00 OK
r-patched-linux-x86_64 1.10-4 34.79 97.78 132.57 OK
r-patched-solaris-x86 1.10-4 188.80 OK
r-release-linux-x86_64 1.10-4 35.65 98.70 134.35 OK
r-release-windows-ix86+x86_64 1.10-4 70.00 148.00 218.00 OK
r-release-osx-x86_64 1.10-4 ERROR
r-oldrel-windows-ix86+x86_64 1.10-4 55.00 125.00 180.00 ERROR
r-oldrel-osx-x86_64 1.10-4 ERROR

Check Details

Version: 1.10-4
Check: tests
Result: ERROR
     Running ‘testthat.R’ [6s/6s]
    Running the tests in ‘tests/testthat.R’ failed.
    Last 13 lines of output:
     > library("testthat")
     > library("GGIR")
     > test_check("GGIR")
     ── 1. Error: read.myacc.csv can read a variety of csv file formats (@test_read.m
     cannot open the connection
     1: write.table(S4, file = testfile[4], col.names = FALSE, row.names = FALSE) at testthat/test_read.myacc.csv.R:43
     2: file(file, ifelse(append, "a", "w"))
    
     ══ testthat results ═══════════════════════════════════════════════════════════
     [ OK: 62 | SKIPPED: 6 | WARNINGS: 1 | FAILED: 1 ]
     1. Error: read.myacc.csv can read a variety of csv file formats (@test_read.myacc.csv.R#43)
    
     Error: testthat unit tests failed
     Execution halted
Flavors: r-release-osx-x86_64, r-oldrel-osx-x86_64

Version: 1.10-4
Check: running tests for arch ‘i386’
Result: ERROR
     Running 'testthat.R' [11s]
    Running the tests in 'tests/testthat.R' failed.
    Complete output:
     > library("testthat")
     > library("GGIR")
     > test_check("GGIR")
     -- 1. Failure: read.myacc.csv can read a variety of csv file formats (@test_read
     `x` not equal to `expected`.
     1/1 mismatches
     [1] -5.34 - 27.6 == -33
    
     -- 2. Failure: read.myacc.csv can read a variety of csv file formats (@test_read
     `x` not equal to `expected`.
     1/1 mismatches
     [1] 8.58 - 11.6 == -3
    
     -- 3. Failure: read.myacc.csv can read a variety of csv file formats (@test_read
     `x` not equal to `expected`.
     1/1 mismatches
     [1] 8.86 - -6.84 == 15.7
    
     -- 4. Failure: read.myacc.csv can read a variety of csv file formats (@test_read
     `x` not equal to `expected`.
     1/1 mismatches
     [1] -2.91 - 5.58 == -8.48
    
     == testthat results ===========================================================
     [ OK: 89 | SKIPPED: 6 | WARNINGS: 0 | FAILED: 4 ]
     1. Failure: read.myacc.csv can read a variety of csv file formats (@test_read.myacc.csv.R#190)
     2. Failure: read.myacc.csv can read a variety of csv file formats (@test_read.myacc.csv.R#191)
     3. Failure: read.myacc.csv can read a variety of csv file formats (@test_read.myacc.csv.R#192)
     4. Failure: read.myacc.csv can read a variety of csv file formats (@test_read.myacc.csv.R#194)
    
     Error: testthat unit tests failed
     Execution halted
Flavor: r-oldrel-windows-ix86+x86_64

Version: 1.10-4
Check: running tests for arch ‘x64’
Result: ERROR
     Running 'testthat.R' [8s]
    Running the tests in 'tests/testthat.R' failed.
    Complete output:
     > library("testthat")
     > library("GGIR")
     > test_check("GGIR")
     -- 1. Failure: read.myacc.csv can read a variety of csv file formats (@test_read
     `x` not equal to `expected`.
     1/1 mismatches
     [1] -5.34 - 27.6 == -33
    
     -- 2. Failure: read.myacc.csv can read a variety of csv file formats (@test_read
     `x` not equal to `expected`.
     1/1 mismatches
     [1] 8.58 - 11.6 == -3
    
     -- 3. Failure: read.myacc.csv can read a variety of csv file formats (@test_read
     `x` not equal to `expected`.
     1/1 mismatches
     [1] 8.86 - -6.84 == 15.7
    
     -- 4. Failure: read.myacc.csv can read a variety of csv file formats (@test_read
     `x` not equal to `expected`.
     1/1 mismatches
     [1] -2.91 - 5.58 == -8.48
    
     == testthat results ===========================================================
     [ OK: 89 | SKIPPED: 6 | WARNINGS: 0 | FAILED: 4 ]
     1. Failure: read.myacc.csv can read a variety of csv file formats (@test_read.myacc.csv.R#190)
     2. Failure: read.myacc.csv can read a variety of csv file formats (@test_read.myacc.csv.R#191)
     3. Failure: read.myacc.csv can read a variety of csv file formats (@test_read.myacc.csv.R#192)
     4. Failure: read.myacc.csv can read a variety of csv file formats (@test_read.myacc.csv.R#194)
    
     Error: testthat unit tests failed
     Execution halted
Flavor: r-oldrel-windows-ix86+x86_64