CRAN Package Check Results for Package FastPCS

Last updated on 2019-12-05 00:51:53 CET.

Flavor Version Tinstall Tcheck Ttotal Status Flags
r-devel-linux-x86_64-debian-clang 0.1.3 21.06 20.13 41.19 OK
r-devel-linux-x86_64-debian-gcc 0.1.3 19.61 16.38 35.99 OK
r-devel-linux-x86_64-fedora-clang 0.1.3 55.66 NOTE
r-devel-linux-x86_64-fedora-gcc 0.1.3 55.64 OK
r-devel-windows-ix86+x86_64 0.1.3 34.00 48.00 82.00 OK
r-devel-windows-ix86+x86_64-gcc8 0.1.3 31.00 51.00 82.00 OK
r-patched-linux-x86_64 0.1.3 20.32 19.11 39.43 OK
r-patched-solaris-x86 0.1.3 58.90 OK
r-release-linux-x86_64 0.1.3 20.55 19.89 40.44 OK
r-release-windows-ix86+x86_64 0.1.3 46.00 42.00 88.00 OK
r-release-osx-x86_64 0.1.3 NOTE
r-oldrel-windows-ix86+x86_64 0.1.3 29.00 68.00 97.00 OK
r-oldrel-osx-x86_64 0.1.3 NOTE

Check Details

Version: 0.1.3
Check: installed package size
Result: NOTE
     installed size is 8.5Mb
     sub-directories of 1Mb or more:
     libs 8.3Mb
Flavors: r-devel-linux-x86_64-fedora-clang, r-release-osx-x86_64, r-oldrel-osx-x86_64