CRAN Package Check Results for Package FME

Last updated on 2019-09-15 01:46:54 CEST.

Flavor Version Tinstall Tcheck Ttotal Status Flags
r-devel-linux-x86_64-debian-clang 1.3.5 6.01 201.65 207.66 OK
r-devel-linux-x86_64-debian-gcc 1.3.5 6.36 149.11 155.47 OK
r-devel-linux-x86_64-fedora-clang 1.3.5 243.69 NOTE
r-devel-linux-x86_64-fedora-gcc 1.3.5 242.14 NOTE
r-devel-windows-ix86+x86_64 1.3.5 21.00 242.00 263.00 OK
r-patched-linux-x86_64 1.3.5 6.81 196.29 203.10 OK
r-patched-solaris-x86 1.3.5 292.30 OK
r-release-linux-x86_64 1.3.5 6.78 196.31 203.09 OK
r-release-windows-ix86+x86_64 1.3.5 16.00 252.00 268.00 OK
r-release-osx-x86_64 1.3.5 OK
r-oldrel-windows-ix86+x86_64 1.3.5 16.00 270.00 286.00 OK
r-oldrel-osx-x86_64 1.3.5 OK

Check Details

Version: 1.3.5
Check: compiled code
Result: NOTE
    File ‘FME/libs/FME.so’:
     Found no calls to: ‘R_registerRoutines’, ‘R_useDynamicSymbols’
    
    It is good practice to register native routines and to disable symbol
    search.
    
    See ‘Writing portable packages’ in the ‘Writing R Extensions’ manual.
Flavors: r-devel-linux-x86_64-fedora-clang, r-devel-linux-x86_64-fedora-gcc