CRAN Package Check Results for Package FME

Last updated on 2019-06-25 01:48:56 CEST.

Flavor Version Tinstall Tcheck Ttotal Status Flags
r-devel-linux-x86_64-debian-clang 1.3.5 6.37 202.05 208.42 OK
r-devel-linux-x86_64-debian-gcc 1.3.5 4.88 147.93 152.81 OK
r-devel-linux-x86_64-fedora-clang 1.3.5 240.79 NOTE
r-devel-linux-x86_64-fedora-gcc 1.3.5 247.37 NOTE
r-devel-windows-ix86+x86_64 1.3.5 23.00 349.00 372.00 OK
r-patched-linux-x86_64 1.3.5 5.47 195.68 201.15 OK
r-patched-solaris-x86 1.3.5 307.40 OK
r-release-linux-x86_64 1.3.5 6.55 196.98 203.53 OK
r-release-windows-ix86+x86_64 1.3.5 15.00 353.00 368.00 OK
r-release-osx-x86_64 1.3.5 OK
r-oldrel-windows-ix86+x86_64 1.3.5 10.00 255.00 265.00 OK
r-oldrel-osx-x86_64 1.3.5 OK

Check Details

Version: 1.3.5
Check: compiled code
Result: NOTE
    File ‘FME/libs/FME.so’:
     Found no calls to: ‘R_registerRoutines’, ‘R_useDynamicSymbols’
    
    It is good practice to register native routines and to disable symbol
    search.
    
    See ‘Writing portable packages’ in the ‘Writing R Extensions’ manual.
Flavors: r-devel-linux-x86_64-fedora-clang, r-devel-linux-x86_64-fedora-gcc