CRAN Package Check Results for Package EstMix

Last updated on 2019-09-17 01:50:08 CEST.

Flavor Version Tinstall Tcheck Ttotal Status Flags
r-devel-linux-x86_64-debian-clang 1.0.1 69.52 37.27 106.79 OK
r-devel-linux-x86_64-debian-gcc 1.0.1 OK
r-devel-linux-x86_64-fedora-clang 1.0.1 162.11 OK
r-devel-linux-x86_64-fedora-gcc 1.0.1 152.07 OK
r-devel-windows-ix86+x86_64 1.0.1 161.00 107.00 268.00 OK
r-patched-linux-x86_64 1.0.1 58.49 38.79 97.28 OK
r-patched-solaris-x86 1.0.1 166.70 OK
r-release-linux-x86_64 1.0.1 60.57 39.61 100.18 OK
r-release-windows-ix86+x86_64 1.0.1 113.00 85.00 198.00 OK
r-release-osx-x86_64 1.0.1 ERROR
r-oldrel-windows-ix86+x86_64 1.0.1 161.00 86.00 247.00 OK
r-oldrel-osx-x86_64 1.0.1 OK

Check Details

Version: 1.0.1
Check: package dependencies
Result: ERROR
    Package required but not available: ‘PSCBS’
    
    See section ‘The DESCRIPTION file’ in the ‘Writing R Extensions’
    manual.
Flavor: r-release-osx-x86_64