CRAN Package Check Results for Package EstMix

Last updated on 2019-06-24 01:47:35 CEST.

Flavor Version Tinstall Tcheck Ttotal Status Flags
r-devel-linux-x86_64-debian-clang 1.0.1 66.01 38.41 104.42 OK
r-devel-linux-x86_64-debian-gcc 1.0.1 54.21 31.24 85.45 OK
r-devel-linux-x86_64-fedora-clang 1.0.1 160.68 OK
r-devel-linux-x86_64-fedora-gcc 1.0.1 150.80 OK
r-devel-windows-ix86+x86_64 1.0.1 186.00 120.00 306.00 OK
r-patched-linux-x86_64 1.0.1 68.32 39.30 107.62 OK
r-patched-solaris-x86 1.0.1 163.70 OK
r-release-linux-x86_64 1.0.1 64.19 39.66 103.85 OK
r-release-windows-ix86+x86_64 1.0.1 126.00 130.00 256.00 OK
r-release-osx-x86_64 1.0.1 ERROR
r-oldrel-windows-ix86+x86_64 1.0.1 121.00 115.00 236.00 OK
r-oldrel-osx-x86_64 1.0.1 OK

Check Details

Version: 1.0.1
Check: package dependencies
Result: ERROR
    Package required but not available: ‘PSCBS’
    
    See section ‘The DESCRIPTION file’ in the ‘Writing R Extensions’
    manual.
Flavor: r-release-osx-x86_64