CRAN Package Check Results for Package EstHer

Last updated on 2019-08-18 01:46:08 CEST.

Flavor Version Tinstall Tcheck Ttotal Status Flags
r-devel-linux-x86_64-debian-clang 1.0 26.50 65.81 92.31 OK
r-devel-linux-x86_64-debian-gcc 1.0 21.62 53.03 74.65 OK
r-devel-linux-x86_64-fedora-clang 1.0 125.11 NOTE
r-devel-linux-x86_64-fedora-gcc 1.0 117.23 NOTE
r-devel-windows-ix86+x86_64 1.0 73.00 157.00 230.00 OK
r-patched-linux-x86_64 1.0 24.65 65.36 90.01 OK
r-patched-solaris-x86 1.0 166.60 OK
r-release-linux-x86_64 1.0 26.76 65.54 92.30 OK
r-release-windows-ix86+x86_64 1.0 66.00 151.00 217.00 OK
r-release-osx-x86_64 1.0 OK
r-oldrel-windows-ix86+x86_64 1.0 64.00 142.00 206.00 OK
r-oldrel-osx-x86_64 1.0 OK

Check Details

Version: 1.0
Check: compiled code
Result: NOTE
    File ‘EstHer/libs/EstHer.so’:
     Found no calls to: ‘R_registerRoutines’, ‘R_useDynamicSymbols’
    
    It is good practice to register native routines and to disable symbol
    search.
    
    See ‘Writing portable packages’ in the ‘Writing R Extensions’ manual.
Flavors: r-devel-linux-x86_64-fedora-clang, r-devel-linux-x86_64-fedora-gcc