CRAN Package Check Results for Package EstHer

Last updated on 2019-12-05 00:51:53 CET.

Flavor Version Tinstall Tcheck Ttotal Status Flags
r-devel-linux-x86_64-debian-clang 1.0 31.59 71.25 102.84 OK
r-devel-linux-x86_64-debian-gcc 1.0 22.69 55.53 78.22 OK
r-devel-linux-x86_64-fedora-clang 1.0 122.91 NOTE
r-devel-linux-x86_64-fedora-gcc 1.0 121.49 NOTE
r-devel-windows-ix86+x86_64 1.0 61.00 106.00 167.00 OK
r-devel-windows-ix86+x86_64-gcc8 1.0 64.00 110.00 174.00 OK
r-patched-linux-x86_64 1.0 26.81 64.27 91.08 OK
r-patched-solaris-x86 1.0 166.60 OK
r-release-linux-x86_64 1.0 24.68 67.05 91.73 OK
r-release-windows-ix86+x86_64 1.0 70.00 107.00 177.00 OK
r-release-osx-x86_64 1.0 OK
r-oldrel-windows-ix86+x86_64 1.0 47.00 148.00 195.00 OK
r-oldrel-osx-x86_64 1.0 OK

Check Details

Version: 1.0
Check: compiled code
Result: NOTE
    File ‘EstHer/libs/EstHer.so’:
     Found no calls to: ‘R_registerRoutines’, ‘R_useDynamicSymbols’
    
    It is good practice to register native routines and to disable symbol
    search.
    
    See ‘Writing portable packages’ in the ‘Writing R Extensions’ manual.
Flavors: r-devel-linux-x86_64-fedora-clang, r-devel-linux-x86_64-fedora-gcc