CRAN Package Check Results for Package EloOptimized

Last updated on 2019-09-15 01:46:53 CEST.

Flavor Version Tinstall Tcheck Ttotal Status Flags
r-devel-linux-x86_64-debian-clang 0.3.0 4.82 40.22 45.04 OK
r-devel-linux-x86_64-debian-gcc 0.3.0 4.08 32.15 36.23 OK
r-devel-linux-x86_64-fedora-clang 0.3.0 56.84 OK
r-devel-linux-x86_64-fedora-gcc 0.3.0 53.96 OK
r-devel-windows-ix86+x86_64 0.3.0 30.00 76.00 106.00 OK
r-patched-linux-x86_64 0.3.0 4.62 40.18 44.80 OK
r-patched-solaris-x86 0.3.0 89.40 OK
r-release-linux-x86_64 0.3.0 4.79 39.59 44.38 OK
r-release-windows-ix86+x86_64 0.3.0 12.00 54.00 66.00 OK
r-release-osx-x86_64 0.3.0 FAIL
r-oldrel-windows-ix86+x86_64 0.3.0 10.00 51.00 61.00 OK
r-oldrel-osx-x86_64 0.3.0 OK

Check Details

Version: 0.3.0
Check: whether package can be installed
Result: FAIL
    
Flavor: r-release-osx-x86_64