CRAN Package Check Results for Package EloOptimized

Last updated on 2019-06-26 01:54:15 CEST.

Flavor Version Tinstall Tcheck Ttotal Status Flags
r-devel-linux-x86_64-debian-clang 0.3.0 4.03 40.27 44.30 OK
r-devel-linux-x86_64-debian-gcc 0.3.0 4.07 31.62 35.69 OK
r-devel-linux-x86_64-fedora-clang 0.3.0 55.48 OK
r-devel-linux-x86_64-fedora-gcc 0.3.0 52.09 OK
r-devel-windows-ix86+x86_64 0.3.0 15.00 85.00 100.00 OK
r-patched-linux-x86_64 0.3.0 4.91 39.77 44.68 OK
r-patched-solaris-x86 0.3.0 91.80 OK
r-release-linux-x86_64 0.3.0 4.93 39.64 44.57 OK
r-release-windows-ix86+x86_64 0.3.0 11.00 60.00 71.00 OK
r-release-osx-x86_64 0.3.0 FAIL
r-oldrel-windows-ix86+x86_64 0.3.0 5.00 49.00 54.00 OK
r-oldrel-osx-x86_64 0.3.0 OK

Check Details

Version: 0.3.0
Check: whether package can be installed
Result: FAIL
    
Flavor: r-release-osx-x86_64