CRAN Package Check Results for Package EML

Last updated on 2019-05-25 01:52:35 CEST.

Flavor Version Tinstall Tcheck Ttotal Status Flags
r-devel-linux-x86_64-debian-clang 2.0.0 10.57 94.77 105.34 OK
r-devel-linux-x86_64-debian-gcc 2.0.0 9.21 71.68 80.89 OK
r-devel-linux-x86_64-fedora-clang 2.0.0 104.14 OK
r-devel-linux-x86_64-fedora-gcc 2.0.0 103.57 OK
r-devel-windows-ix86+x86_64 2.0.0 20.00 144.00 164.00 OK --no-vignettes
r-patched-linux-x86_64 2.0.0 OK
r-patched-solaris-x86 2.0.0 138.60 ERROR
r-release-linux-x86_64 2.0.0 10.21 93.12 103.33 OK
r-release-windows-ix86+x86_64 2.0.0 31.00 113.00 144.00 OK --no-vignettes
r-release-osx-x86_64 2.0.0 ERROR
r-oldrel-windows-ix86+x86_64 2.0.0 19.00 109.00 128.00 OK --no-vignettes
r-oldrel-osx-x86_64 2.0.0 ERROR

Check Details

Version: 2.0.0
Check: tests
Result: ERROR
     Running ‘spelling.R’
     Running ‘testthat.R’ [23s/36s]
    Running the tests in ‘tests/testthat.R’ failed.
    Complete output:
     > library(testthat)
     > library(EML)
     >
     > test_check("EML")
     sh: +RTS: not found
     ── 1. Error: set_method with additional input files (@test-additional-tests.R#43
     pandoc document conversion failed with error 127
     1: set_methods(file, qualityControl_file = file, sampling_file = file, sampling_coverage = coverage) at testthat/test-additional-tests.R:43
     2: set_TextType(sampling_file)
     3: to_docbook(file)
     4: pandoc_convert(basename(file), to = "docbook", output = normalizePath(docbook_file,
     winslash = "/", mustWork = FALSE), options = "-s")
     5: stop("pandoc document conversion failed with error ", result, call. = FALSE)
    
     ══ testthat results ═══════════════════════════════════════════════════════════
     OK: 83 SKIPPED: 6 WARNINGS: 2 FAILED: 1
     1. Error: set_method with additional input files (@test-additional-tests.R#43)
    
     Error: testthat unit tests failed
     Execution halted
Flavor: r-patched-solaris-x86

Version: 2.0.0
Check: tests
Result: ERROR
     Running ‘spelling.R’ [0s/0s]
     Running ‘testthat.R’ [13s/15s]
    Running the tests in ‘tests/testthat.R’ failed.
    Last 13 lines of output:
     pandoc document conversion failed with error 127
     1: set_methods(methods_file) at testthat/test-eml2.R:25
     2: set_TextType(methods_file)
     3: to_docbook(file)
     4: pandoc_convert(basename(file), to = "docbook", output = normalizePath(docbook_file,
     winslash = "/", mustWork = FALSE), options = "-s")
     5: stop("pandoc document conversion failed with error ", result, call. = FALSE)
    
     ══ testthat results ═══════════════════════════════════════════════════════════
     OK: 83 SKIPPED: 5 WARNINGS: 3 FAILED: 2
     1. Error: set_method with additional input files (@test-additional-tests.R#43)
     2. Error: we can do a complete eml construction (@test-eml2.R#25)
    
     Error: testthat unit tests failed
     Execution halted
Flavor: r-release-osx-x86_64

Version: 2.0.0
Check: tests
Result: ERROR
     Running ‘spelling.R’ [0s/0s]
     Running ‘testthat.R’ [14s/17s]
    Running the tests in ‘tests/testthat.R’ failed.
    Last 13 lines of output:
     pandoc document conversion failed with error 127
     1: set_methods(methods_file) at testthat/test-eml2.R:25
     2: set_TextType(methods_file)
     3: to_docbook(file)
     4: pandoc_convert(basename(file), to = "docbook", output = normalizePath(docbook_file,
     winslash = "/", mustWork = FALSE), options = "-s")
     5: stop("pandoc document conversion failed with error ", result, call. = FALSE)
    
     ══ testthat results ═══════════════════════════════════════════════════════════
     OK: 83 SKIPPED: 5 WARNINGS: 3 FAILED: 2
     1. Error: set_method with additional input files (@test-additional-tests.R#43)
     2. Error: we can do a complete eml construction (@test-eml2.R#25)
    
     Error: testthat unit tests failed
     Execution halted
Flavor: r-oldrel-osx-x86_64