CRAN Package Check Results for Package DoE.base

Last updated on 2019-12-05 00:51:52 CET.

Flavor Version Tinstall Tcheck Ttotal Status Flags
r-devel-linux-x86_64-debian-clang 1.1-3 17.83 108.00 125.83 NOTE
r-devel-linux-x86_64-debian-gcc 1.1-3 14.24 82.33 96.57 NOTE
r-devel-linux-x86_64-fedora-clang 1.1-3 136.44 NOTE
r-devel-linux-x86_64-fedora-gcc 1.1-3 136.79 NOTE
r-devel-windows-ix86+x86_64 1.1-3 23.00 110.00 133.00 OK
r-devel-windows-ix86+x86_64-gcc8 1.1-3 24.00 116.00 140.00 OK
r-patched-linux-x86_64 1.1-3 12.79 97.03 109.82 OK
r-patched-solaris-x86 1.1-3 178.70 OK
r-release-linux-x86_64 1.1-3 15.84 104.58 120.42 OK
r-release-windows-ix86+x86_64 1.1-3 24.00 104.00 128.00 OK
r-release-osx-x86_64 1.1-3 OK
r-oldrel-windows-ix86+x86_64 1.1-3 19.00 108.00 127.00 OK
r-oldrel-osx-x86_64 1.1-3 OK

Check Details

Version: 1.1-3
Check: for non-standard things in the check directory
Result: NOTE
    Found the following files/directories:
     'test.html' 'test.rda'
Flavors: r-devel-linux-x86_64-debian-clang, r-devel-linux-x86_64-debian-gcc, r-devel-linux-x86_64-fedora-clang, r-devel-linux-x86_64-fedora-gcc