CRAN Package Check Results for Package DiagrammeR

Last updated on 2019-12-05 00:51:51 CET.

Flavor Version Tinstall Tcheck Ttotal Status Flags
r-devel-linux-x86_64-debian-clang 1.0.1 27.34 220.09 247.43 NOTE
r-devel-linux-x86_64-debian-gcc 1.0.1 20.94 164.57 185.51 NOTE
r-devel-linux-x86_64-fedora-clang 1.0.1 259.43 NOTE
r-devel-linux-x86_64-fedora-gcc 1.0.1 263.65 NOTE
r-devel-windows-ix86+x86_64 1.0.1 38.00 271.00 309.00 OK
r-devel-windows-ix86+x86_64-gcc8 1.0.1 44.00 250.00 294.00 OK
r-patched-linux-x86_64 1.0.1 22.47 195.35 217.82 OK
r-patched-solaris-x86 1.0.1 523.90 NOTE
r-release-linux-x86_64 1.0.1 25.06 213.44 238.50 OK
r-release-windows-ix86+x86_64 1.0.1 36.00 235.00 271.00 OK
r-release-osx-x86_64 1.0.1 NOTE
r-oldrel-windows-ix86+x86_64 1.0.1 33.00 215.00 248.00 OK
r-oldrel-osx-x86_64 1.0.1 NOTE

Check Details

Version: 1.0.1
Check: for non-standard things in the check directory
Result: NOTE
    Found the following files/directories:
     'edges.csv' 'gnp_graph.dgr' 'nodes.csv'
Flavors: r-devel-linux-x86_64-debian-clang, r-devel-linux-x86_64-debian-gcc, r-devel-linux-x86_64-fedora-clang, r-devel-linux-x86_64-fedora-gcc

Version: 1.0.1
Check: data for non-ASCII characters
Result: NOTE
     Note: found 1 marked UTF-8 string
Flavors: r-devel-linux-x86_64-fedora-clang, r-devel-linux-x86_64-fedora-gcc, r-patched-solaris-x86, r-release-osx-x86_64, r-oldrel-osx-x86_64

Version: 1.0.1
Check: package dependencies
Result: NOTE
    Package suggested but not available for checking: ‘rsvg’
Flavor: r-patched-solaris-x86

Version: 1.0.1
Check: installed package size
Result: NOTE
     installed size is 5.0Mb
     sub-directories of 1Mb or more:
     htmlwidgets 3.3Mb
Flavor: r-patched-solaris-x86