CRAN Package Check Results for Package DCD

Last updated on 2019-09-20 01:47:42 CEST.

Flavor Version Tinstall Tcheck Ttotal Status Flags
r-devel-linux-x86_64-debian-clang 0.1.0 17.27 170.89 188.16 OK
r-devel-linux-x86_64-debian-gcc 0.1.0 18.08 135.97 154.05 OK
r-devel-linux-x86_64-fedora-clang 0.1.0 245.95 OK
r-devel-linux-x86_64-fedora-gcc 0.1.0 225.96 OK
r-devel-windows-ix86+x86_64 0.1.0 66.00 244.00 310.00 ERROR
r-patched-linux-x86_64 0.1.0 19.96 162.06 182.02 OK
r-patched-solaris-x86 0.1.0 342.10 OK
r-release-linux-x86_64 0.1.0 16.92 164.19 181.11 OK
r-release-windows-ix86+x86_64 0.1.0 36.00 170.00 206.00 ERROR
r-release-osx-x86_64 0.1.0 ERROR
r-oldrel-windows-ix86+x86_64 0.1.0 21.00 176.00 197.00 OK
r-oldrel-osx-x86_64 0.1.0 OK

Check Details

Version: 0.1.0
Check: examples
Result: ERROR
    Running examples in 'DCD-Ex.R' failed
    The error most likely occurred in:
    
    > ### Name: DCD
    > ### Title: Differential Community Detection for Paired Biological Networks,
    > ### for e.g. case vs control
    > ### Aliases: DCD
    >
    > ### ** Examples
    >
    >
    > DCD_output <- DCD()
    ..connectivity..
    ..matrix multiplication (system BLAS)..
    ..normalization..
    ..done.
    ..connectivity..
    ..matrix multiplication (system BLAS)..
    ..normalization..
    ..done.
    > ## Not run:
    > ##D library(igraph)
    > ##D g_A <- sample_grg(200, 0.15, torus=FALSE, coords = FALSE)
    > ##D g_B <- permute(g_A,c(sample(20),21:200))
    > ##D ground_truth <- c(rep(1,20),rep(0,180))
    > ##D DCD_output2 <- DCD(g_A = g_A, g_B = g_B, method = "Spectral", mink = 7,
    > ##D ground_truth = ground_truth, plot_flag = 1, color = "red",
    > ##D iter = 1, cores = 1 )
    > ##D
    > ## End(Not run)
    >
    >
    >
    > cleanEx()
    Error: connections left open:
     <-CRANwin.fb05.statistik.uni-dortmund.de:11005 (sockconn)
    Execution halted
Flavor: r-devel-windows-ix86+x86_64

Version: 0.1.0
Check: examples
Result: ERROR
    Running examples in 'DCD-Ex.R' failed
    The error most likely occurred in:
    
    > ### Name: DCD
    > ### Title: Differential Community Detection for Paired Biological Networks,
    > ### for e.g. case vs control
    > ### Aliases: DCD
    >
    > ### ** Examples
    >
    >
    > DCD_output <- DCD()
    ..connectivity..
    ..matrix multiplication (system BLAS)..
    ..normalization..
    ..done.
    ..connectivity..
    ..matrix multiplication (system BLAS)..
    ..normalization..
    ..done.
    > ## Not run:
    > ##D library(igraph)
    > ##D g_A <- sample_grg(200, 0.15, torus=FALSE, coords = FALSE)
    > ##D g_B <- permute(g_A,c(sample(20),21:200))
    > ##D ground_truth <- c(rep(1,20),rep(0,180))
    > ##D DCD_output2 <- DCD(g_A = g_A, g_B = g_B, method = "Spectral", mink = 7,
    > ##D ground_truth = ground_truth, plot_flag = 1, color = "red",
    > ##D iter = 1, cores = 1 )
    > ##D
    > ## End(Not run)
    >
    >
    >
    > cleanEx()
    Error: connections left open:
     <-CRANwin.fb05.statistik.uni-dortmund.de:11184 (sockconn)
    Execution halted
Flavor: r-release-windows-ix86+x86_64

Version: 0.1.0
Check: package dependencies
Result: ERROR
    Package required but not available: ‘WGCNA’
    
    See section ‘The DESCRIPTION file’ in the ‘Writing R Extensions’
    manual.
Flavor: r-release-osx-x86_64