CRAN Package Check Results for Package CytobankAPI

Last updated on 2019-07-16 01:50:15 CEST.

Flavor Version Tinstall Tcheck Ttotal Status Flags
r-devel-linux-x86_64-debian-clang 1.3.0 7.48 39.77 47.25 OK
r-devel-linux-x86_64-debian-gcc 1.3.0 6.59 31.97 38.56 OK
r-devel-linux-x86_64-fedora-clang 1.3.0 57.46 OK
r-devel-linux-x86_64-fedora-gcc 1.3.0 56.24 OK
r-devel-windows-ix86+x86_64 1.3.0 21.00 64.00 85.00 OK
r-patched-linux-x86_64 1.3.0 8.91 39.78 48.69 OK
r-patched-solaris-x86 1.3.0 80.40 NOTE
r-release-linux-x86_64 1.3.0 7.02 39.55 46.57 OK
r-release-windows-ix86+x86_64 1.3.0 12.00 61.00 73.00 OK
r-release-osx-x86_64 1.3.0 OK
r-oldrel-windows-ix86+x86_64 1.3.0 16.00 75.00 91.00 OK
r-oldrel-osx-x86_64 1.3.0 OK

Check Details

Version: 1.3.0
Check: installed package size
Result: NOTE
     installed size is 5.2Mb
     sub-directories of 1Mb or more:
     doc 4.3Mb
Flavor: r-patched-solaris-x86