CRAN Package Check Results for Package CytobankAPI

Last updated on 2019-10-21 02:46:27 CEST.

Flavor Version Tinstall Tcheck Ttotal Status Flags
r-devel-linux-x86_64-debian-clang 1.3.0 7.63 39.33 46.96 OK
r-devel-linux-x86_64-debian-gcc 1.3.0 7.60 31.64 39.24 OK
r-devel-linux-x86_64-fedora-clang 1.3.0 58.84 OK
r-devel-linux-x86_64-fedora-gcc 1.3.0 57.46 OK
r-devel-windows-ix86+x86_64 1.3.0 13.00 53.00 66.00 OK
r-patched-linux-x86_64 1.3.0 8.69 39.10 47.79 OK
r-patched-solaris-x86 1.3.0 80.40 NOTE
r-release-linux-x86_64 1.3.0 8.10 38.92 47.02 OK
r-release-windows-ix86+x86_64 1.3.0 19.00 54.00 73.00 OK
r-release-osx-x86_64 1.3.0 OK
r-oldrel-windows-ix86+x86_64 1.3.0 11.00 52.00 63.00 OK
r-oldrel-osx-x86_64 1.3.0 OK

Check Details

Version: 1.3.0
Check: installed package size
Result: NOTE
     installed size is 5.2Mb
     sub-directories of 1Mb or more:
     doc 4.3Mb
Flavor: r-patched-solaris-x86