CRAN Package Check Results for Package Cyclops

Last updated on 2019-11-12 00:52:40 CET.

Flavor Version Tinstall Tcheck Ttotal Status Flags
r-devel-linux-x86_64-debian-clang 2.0.2 205.92 83.95 289.87 OK
r-devel-linux-x86_64-debian-gcc 2.0.2 155.78 66.35 222.13 OK
r-devel-linux-x86_64-fedora-clang 2.0.2 448.86 NOTE
r-devel-linux-x86_64-fedora-gcc 2.0.2 386.63 OK
r-devel-windows-ix86+x86_64 2.0.2 387.00 156.00 543.00 OK
r-patched-linux-x86_64 2.0.2 162.88 81.46 244.34 OK
r-patched-solaris-x86 2.0.2 356.00 NOTE
r-release-linux-x86_64 2.0.2 168.22 82.13 250.35 OK
r-release-windows-ix86+x86_64 2.0.2 485.00 201.00 686.00 OK
r-release-osx-x86_64 2.0.2 NOTE
r-oldrel-windows-ix86+x86_64 2.0.2 484.00 192.00 676.00 OK
r-oldrel-osx-x86_64 2.0.2 NOTE

Check Details

Version: 2.0.2
Check: installed package size
Result: NOTE
     installed size is 24.5Mb
     sub-directories of 1Mb or more:
     libs 23.7Mb
Flavors: r-devel-linux-x86_64-fedora-clang, r-patched-solaris-x86, r-release-osx-x86_64, r-oldrel-osx-x86_64