CRAN Package Check Results for Package Cyclops

Last updated on 2019-07-22 01:46:18 CEST.

Flavor Version Tinstall Tcheck Ttotal Status Flags
r-devel-linux-x86_64-debian-clang 2.0.2 184.34 82.66 267.00 OK
r-devel-linux-x86_64-debian-gcc 2.0.2 150.89 66.19 217.08 OK
r-devel-linux-x86_64-fedora-clang 2.0.2 387.60 NOTE
r-devel-linux-x86_64-fedora-gcc 2.0.2 382.92 OK
r-devel-windows-ix86+x86_64 2.0.2 354.00 201.00 555.00 OK
r-patched-linux-x86_64 2.0.2 164.72 82.91 247.63 OK
r-patched-solaris-x86 2.0.2 373.80 NOTE
r-release-linux-x86_64 2.0.2 169.55 82.01 251.56 OK
r-release-windows-ix86+x86_64 2.0.2 356.00 144.00 500.00 OK
r-release-osx-x86_64 2.0.2 NOTE
r-oldrel-windows-ix86+x86_64 2.0.2 481.00 189.00 670.00 OK
r-oldrel-osx-x86_64 2.0.2 NOTE

Check Details

Version: 2.0.2
Check: installed package size
Result: NOTE
     installed size is 23.2Mb
     sub-directories of 1Mb or more:
     libs 22.4Mb
Flavors: r-devel-linux-x86_64-fedora-clang, r-patched-solaris-x86, r-release-osx-x86_64, r-oldrel-osx-x86_64