CRAN Package Check Results for Package Countr

Last updated on 2020-01-27 00:48:00 CET.

Flavor Version Tinstall Tcheck Ttotal Status Flags
r-devel-linux-x86_64-debian-clang 3.5.4 140.56 152.15 292.71 OK
r-devel-linux-x86_64-debian-gcc 3.5.4 104.50 113.96 218.46 OK
r-devel-linux-x86_64-fedora-clang 3.5.4 385.39 NOTE
r-devel-linux-x86_64-fedora-gcc 3.5.4 378.65 OK
r-devel-windows-ix86+x86_64 3.5.4 325.00 308.00 633.00 NOTE
r-devel-windows-ix86+x86_64-gcc8 3.5.4 414.00 304.00 718.00 NOTE
r-patched-linux-x86_64 3.5.4 115.92 129.90 245.82 OK
r-patched-solaris-x86 3.5.4 393.10 OK
r-release-linux-x86_64 3.5.4 117.87 128.89 246.76 OK
r-release-windows-ix86+x86_64 3.5.4 237.00 196.00 433.00 NOTE
r-release-osx-x86_64 3.5.4 NOTE
r-oldrel-windows-ix86+x86_64 3.5.4 207.00 176.00 383.00 NOTE
r-oldrel-osx-x86_64 3.5.4 NOTE

Check Details

Version: 3.5.4
Check: installed package size
Result: NOTE
     installed size is 8.9Mb
     sub-directories of 1Mb or more:
     doc 2.0Mb
     libs 6.0Mb
Flavors: r-devel-linux-x86_64-fedora-clang, r-devel-windows-ix86+x86_64, r-devel-windows-ix86+x86_64-gcc8, r-release-windows-ix86+x86_64, r-release-osx-x86_64, r-oldrel-windows-ix86+x86_64, r-oldrel-osx-x86_64