CRAN Package Check Results for Package Countr

Last updated on 2019-08-25 01:47:12 CEST.

Flavor Version Tinstall Tcheck Ttotal Status Flags
r-devel-linux-x86_64-debian-clang 3.5.4 120.60 136.97 257.57 OK
r-devel-linux-x86_64-debian-gcc 3.5.4 101.37 106.09 207.46 OK
r-devel-linux-x86_64-fedora-clang 3.5.4 390.33 NOTE
r-devel-linux-x86_64-fedora-gcc 3.5.4 358.47 OK
r-devel-windows-ix86+x86_64 3.5.4 223.00 208.00 431.00 NOTE
r-patched-linux-x86_64 3.5.4 106.32 130.93 237.25 OK
r-patched-solaris-x86 3.5.4 373.30 OK
r-release-linux-x86_64 3.5.4 105.97 131.35 237.32 OK
r-release-windows-ix86+x86_64 3.5.2 377.00 282.00 659.00 NOTE
r-release-osx-x86_64 3.5.4 NOTE
r-oldrel-windows-ix86+x86_64 3.5.4 293.00 258.00 551.00 NOTE
r-oldrel-osx-x86_64 3.5.4 NOTE

Check Details

Version: 3.5.4
Check: installed package size
Result: NOTE
     installed size is 8.9Mb
     sub-directories of 1Mb or more:
     doc 2.0Mb
     libs 5.9Mb
Flavors: r-devel-linux-x86_64-fedora-clang, r-devel-windows-ix86+x86_64, r-release-osx-x86_64, r-oldrel-windows-ix86+x86_64, r-oldrel-osx-x86_64

Version: 3.5.2
Check: installed package size
Result: NOTE
     installed size is 5.1Mb
     sub-directories of 1Mb or more:
     doc 1.9Mb
     libs 2.3Mb
Flavor: r-release-windows-ix86+x86_64