CRAN Package Check Results for Package CommonJavaJars

Last updated on 2019-07-22 01:46:17 CEST.

Flavor Version Tinstall Tcheck Ttotal Status Flags
r-devel-linux-x86_64-debian-clang 1.0-6 1.86 20.53 22.39 OK
r-devel-linux-x86_64-debian-gcc 1.0-6 1.52 17.42 18.94 OK
r-devel-linux-x86_64-fedora-clang 1.0-6 28.19 OK
r-devel-linux-x86_64-fedora-gcc 1.0-6 26.90 OK
r-devel-windows-ix86+x86_64 1.0-6 5.00 62.00 67.00 OK
r-patched-linux-x86_64 1.0-6 1.95 20.64 22.59 OK
r-patched-solaris-x86 1.0-6 46.30 NOTE
r-release-linux-x86_64 1.0-6 1.61 20.57 22.18 OK
r-release-windows-ix86+x86_64 1.0-6 5.00 38.00 43.00 OK
r-release-osx-x86_64 1.0-6 OK
r-oldrel-windows-ix86+x86_64 1.0-6 6.00 51.00 57.00 OK
r-oldrel-osx-x86_64 1.0-6 OK

Check Details

Version: 1.0-6
Check: installed package size
Result: NOTE
     installed size is 5.4Mb
     sub-directories of 1Mb or more:
     java 5.2Mb
Flavor: r-patched-solaris-x86