CRAN Package Check Results for Package CommonJavaJars

Last updated on 2019-11-12 00:52:40 CET.

Flavor Version Tinstall Tcheck Ttotal Status Flags
r-devel-linux-x86_64-debian-clang 1.0-6 1.97 20.86 22.83 OK
r-devel-linux-x86_64-debian-gcc 1.0-6 1.68 16.83 18.51 OK
r-devel-linux-x86_64-fedora-clang 1.0-6 31.68 OK
r-devel-linux-x86_64-fedora-gcc 1.0-6 28.91 OK
r-devel-windows-ix86+x86_64 1.0-6 8.00 41.00 49.00 OK
r-patched-linux-x86_64 1.0-6 1.66 20.11 21.77 OK
r-patched-solaris-x86 1.0-6 44.00 NOTE
r-release-linux-x86_64 1.0-6 1.84 20.24 22.08 OK
r-release-windows-ix86+x86_64 1.0-6 9.00 40.00 49.00 OK
r-release-osx-x86_64 1.0-6 OK
r-oldrel-windows-ix86+x86_64 1.0-6 5.00 39.00 44.00 OK
r-oldrel-osx-x86_64 1.0-6 OK

Check Details

Version: 1.0-6
Check: installed package size
Result: NOTE
     installed size is 5.4Mb
     sub-directories of 1Mb or more:
     java 5.2Mb
Flavor: r-patched-solaris-x86