CRAN Package Check Results for Package ChaosGame

Last updated on 2019-09-20 01:47:40 CEST.

Flavor Version Tinstall Tcheck Ttotal Status Flags
r-devel-linux-x86_64-debian-clang 0.4 7.25 46.32 53.57 OK
r-devel-linux-x86_64-debian-gcc 0.4 6.16 36.81 42.97 OK
r-devel-linux-x86_64-fedora-clang 0.4 65.53 OK
r-devel-linux-x86_64-fedora-gcc 0.4 64.67 OK
r-devel-windows-ix86+x86_64 0.4 26.00 92.00 118.00 OK
r-patched-linux-x86_64 0.4 7.47 45.41 52.88 OK
r-patched-solaris-x86 0.4 93.40 OK
r-release-linux-x86_64 0.4 6.91 46.71 53.62 OK
r-release-windows-ix86+x86_64 0.4 14.00 62.00 76.00 OK
r-release-osx-x86_64 0.4 WARN
r-oldrel-windows-ix86+x86_64 0.4 9.00 60.00 69.00 OK
r-oldrel-osx-x86_64 0.4 OK

Check Details

Version: 0.4
Check: whether package can be installed
Result: WARN
    Found the following significant warnings:
     Warning: 'rgl_init' failed, running with rgl.useNULL = TRUE
Flavor: r-release-osx-x86_64