CRAN Package Check Results for Package CNVScope

Last updated on 2019-09-15 01:46:50 CEST.

Flavor Version Tinstall Tcheck Ttotal Status Flags
r-devel-linux-x86_64-debian-clang 2.7.0 38.48 567.39 605.87 OK
r-devel-linux-x86_64-debian-gcc 2.7.0 33.37 448.83 482.20 OK
r-devel-linux-x86_64-fedora-clang 2.7.0 750.59 OK
r-devel-linux-x86_64-fedora-gcc 2.7.0 765.49 OK
r-devel-windows-ix86+x86_64 2.7.0 146.00 745.00 891.00 OK
r-patched-linux-x86_64 2.7.0 36.49 531.32 567.81 OK
r-patched-solaris-x86 2.7.0 1119.40 OK
r-release-linux-x86_64 2.7.0 36.82 526.10 562.92 OK
r-release-windows-ix86+x86_64 2.7.0 119.00 537.00 656.00 OK
r-release-osx-x86_64 2.7.0 ERROR
r-oldrel-windows-ix86+x86_64 2.7.0 116.00 629.00 745.00 OK
r-oldrel-osx-x86_64 2.7.0 ERROR

Check Details

Version: 2.7.0
Check: package dependencies
Result: ERROR
    Packages required but not available:
     'InteractionSet', 'S4Vectors', 'jointseg', 'GenomicFeatures',
     'GenomicInteractions', 'IRanges', 'biomaRt', 'GenomicRanges',
     'rtracklayer', 'BSgenome.Hsapiens.UCSC.hg19'
    
    Package suggested but not available for checking: ‘ComplexHeatmap’
    
    See section ‘The DESCRIPTION file’ in the ‘Writing R Extensions’
    manual.
Flavor: r-release-osx-x86_64

Version: 2.7.0
Check: package dependencies
Result: ERROR
    Packages required but not available:
     ‘InteractionSet’ ‘GenomicFeatures’ ‘GenomicInteractions’
     ‘rtracklayer’ ‘BSgenome.Hsapiens.UCSC.hg19’
    
    See section ‘The DESCRIPTION file’ in the ‘Writing R Extensions’
    manual.
Flavor: r-oldrel-osx-x86_64