CRAN Package Check Results for Package CARE1

Last updated on 2019-08-18 01:46:06 CEST.

Flavor Version Tinstall Tcheck Ttotal Status Flags
r-devel-linux-x86_64-debian-clang 1.1.0 2.80 40.38 43.18 NOTE
r-devel-linux-x86_64-debian-gcc 1.1.0 2.10 30.71 32.81 NOTE
r-devel-linux-x86_64-fedora-clang 1.1.0 51.30 NOTE
r-devel-linux-x86_64-fedora-gcc 1.1.0 48.10 NOTE
r-devel-windows-ix86+x86_64 1.1.0 13.00 70.00 83.00 NOTE
r-patched-linux-x86_64 1.1.0 2.42 39.66 42.08 NOTE
r-patched-solaris-x86 1.1.0 73.10 NOTE
r-release-linux-x86_64 1.1.0 2.39 39.60 41.99 NOTE
r-release-windows-ix86+x86_64 1.1.0 6.00 68.00 74.00 NOTE
r-release-osx-x86_64 1.1.0 NOTE
r-oldrel-windows-ix86+x86_64 1.1.0 3.00 43.00 46.00 NOTE
r-oldrel-osx-x86_64 1.1.0 NOTE

Check Details

Version: 1.1.0
Check: DESCRIPTION meta-information
Result: NOTE
    Malformed Title field: should not end in a period.
Flavors: r-devel-linux-x86_64-debian-clang, r-devel-linux-x86_64-debian-gcc, r-devel-linux-x86_64-fedora-clang, r-devel-linux-x86_64-fedora-gcc, r-devel-windows-ix86+x86_64, r-patched-linux-x86_64, r-patched-solaris-x86, r-release-linux-x86_64, r-release-windows-ix86+x86_64, r-release-osx-x86_64, r-oldrel-windows-ix86+x86_64, r-oldrel-osx-x86_64

Version: 1.1.0
Check: R code for possible problems
Result: NOTE
    Sub.pair: no visible global function definition for 'qnorm'
    as.record: no visible global function definition for 'capture.output'
    estN: no visible global function definition for 'sd'
    estN: no visible global function definition for 'qnorm'
    estN.bootstrap: no visible global function definition for 'runif'
    Undefined global functions or variables:
     capture.output qnorm runif sd
    Consider adding
     importFrom("stats", "qnorm", "runif", "sd")
     importFrom("utils", "capture.output")
    to your NAMESPACE file.
Flavors: r-devel-linux-x86_64-debian-clang, r-devel-linux-x86_64-debian-gcc, r-devel-linux-x86_64-fedora-clang, r-devel-linux-x86_64-fedora-gcc, r-devel-windows-ix86+x86_64, r-patched-linux-x86_64, r-patched-solaris-x86, r-release-linux-x86_64, r-release-windows-ix86+x86_64, r-release-osx-x86_64, r-oldrel-windows-ix86+x86_64, r-oldrel-osx-x86_64