CRAN Package Check Results for Package CARE1

Last updated on 2019-12-05 00:51:48 CET.

Flavor Version Tinstall Tcheck Ttotal Status Flags
r-devel-linux-x86_64-debian-clang 1.1.0 2.87 43.07 45.94 NOTE
r-devel-linux-x86_64-debian-gcc 1.1.0 2.18 32.41 34.59 NOTE
r-devel-linux-x86_64-fedora-clang 1.1.0 55.19 NOTE
r-devel-linux-x86_64-fedora-gcc 1.1.0 50.93 NOTE
r-devel-windows-ix86+x86_64 1.1.0 7.00 52.00 59.00 NOTE
r-devel-windows-ix86+x86_64-gcc8 1.1.0 5.00 52.00 57.00 NOTE
r-patched-linux-x86_64 1.1.0 2.37 38.96 41.33 NOTE
r-patched-solaris-x86 1.1.0 70.30 NOTE
r-release-linux-x86_64 1.1.0 2.50 40.72 43.22 NOTE
r-release-windows-ix86+x86_64 1.1.0 6.00 68.00 74.00 NOTE
r-release-osx-x86_64 1.1.0 NOTE
r-oldrel-windows-ix86+x86_64 1.1.0 3.00 43.00 46.00 NOTE
r-oldrel-osx-x86_64 1.1.0 NOTE

Check Details

Version: 1.1.0
Check: DESCRIPTION meta-information
Result: NOTE
    Malformed Title field: should not end in a period.
Flavors: r-devel-linux-x86_64-debian-clang, r-devel-linux-x86_64-debian-gcc, r-devel-linux-x86_64-fedora-clang, r-devel-linux-x86_64-fedora-gcc, r-devel-windows-ix86+x86_64, r-devel-windows-ix86+x86_64-gcc8, r-patched-linux-x86_64, r-patched-solaris-x86, r-release-linux-x86_64, r-release-windows-ix86+x86_64, r-release-osx-x86_64, r-oldrel-windows-ix86+x86_64, r-oldrel-osx-x86_64

Version: 1.1.0
Check: R code for possible problems
Result: NOTE
    Sub.pair: no visible global function definition for 'qnorm'
    as.record: no visible global function definition for 'capture.output'
    estN: no visible global function definition for 'sd'
    estN: no visible global function definition for 'qnorm'
    estN.bootstrap: no visible global function definition for 'runif'
    Undefined global functions or variables:
     capture.output qnorm runif sd
    Consider adding
     importFrom("stats", "qnorm", "runif", "sd")
     importFrom("utils", "capture.output")
    to your NAMESPACE file.
Flavors: r-devel-linux-x86_64-debian-clang, r-devel-linux-x86_64-debian-gcc, r-devel-linux-x86_64-fedora-clang, r-devel-linux-x86_64-fedora-gcc, r-devel-windows-ix86+x86_64, r-devel-windows-ix86+x86_64-gcc8, r-patched-linux-x86_64, r-patched-solaris-x86, r-release-linux-x86_64, r-release-windows-ix86+x86_64, r-release-osx-x86_64, r-oldrel-windows-ix86+x86_64, r-oldrel-osx-x86_64