CRAN Package Check Results for Package CARBayesST

Last updated on 2019-08-17 02:47:32 CEST.

Flavor Version Tinstall Tcheck Ttotal Status Flags
r-devel-linux-x86_64-debian-clang 3.0.1 55.03 188.31 243.34 OK
r-devel-linux-x86_64-debian-gcc 3.0.1 49.91 145.55 195.46 OK
r-devel-linux-x86_64-fedora-clang 3.0.1 306.40 NOTE
r-devel-linux-x86_64-fedora-gcc 3.0.1 310.84 OK
r-devel-windows-ix86+x86_64 3.0.1 145.00 360.00 505.00 OK
r-patched-linux-x86_64 3.0.1 56.41 183.94 240.35 OK
r-patched-solaris-x86 3.0.1 409.30 OK
r-release-linux-x86_64 3.0.1 54.23 185.01 239.24 OK
r-release-windows-ix86+x86_64 3.0.1 138.00 360.00 498.00 OK
r-release-osx-x86_64 3.0.1 NOTE
r-oldrel-windows-ix86+x86_64 3.0.1 126.00 337.00 463.00 OK
r-oldrel-osx-x86_64 3.0.1 NOTE

Check Details

Version: 3.0.1
Check: installed package size
Result: NOTE
     installed size is 5.2Mb
     sub-directories of 1Mb or more:
     doc 1.1Mb
     libs 3.4Mb
Flavors: r-devel-linux-x86_64-fedora-clang, r-release-osx-x86_64, r-oldrel-osx-x86_64