CRAN Package Check Results for Package BurStFin

Last updated on 2019-08-25 01:47:11 CEST.

Flavor Version Tinstall Tcheck Ttotal Status Flags
r-devel-linux-x86_64-debian-clang 1.02 3.24 22.04 25.28 NOTE
r-devel-linux-x86_64-debian-gcc 1.02 2.50 17.56 20.06 NOTE
r-devel-linux-x86_64-fedora-clang 1.02 31.29 NOTE
r-devel-linux-x86_64-fedora-gcc 1.02 28.99 NOTE
r-devel-windows-ix86+x86_64 1.02 13.00 45.00 58.00 NOTE
r-patched-linux-x86_64 1.02 2.78 22.11 24.89 NOTE
r-patched-solaris-x86 1.02 47.00 NOTE
r-release-linux-x86_64 1.02 2.94 22.08 25.02 NOTE
r-release-windows-ix86+x86_64 1.02 6.00 44.00 50.00 NOTE
r-release-osx-x86_64 1.02 NOTE
r-oldrel-windows-ix86+x86_64 1.02 3.00 32.00 35.00 NOTE
r-oldrel-osx-x86_64 1.02 NOTE

Check Details

Version: 1.02
Check: R code for possible problems
Result: NOTE
    alpha.proxy: no visible global function definition for 'filled.contour'
    alpha.proxy: no visible global function definition for 'axis'
    alpha.proxy: no visible global function definition for 'contour'
    factor.model.stat: no visible global function definition for 'quantile'
    factor.model.stat: no visible global function definition for 'lsfit'
    partial.rainbow: no visible binding for global variable 'rainbow'
    var.shrink.eqcor: no visible global function definition for 'var'
    var.shrink.eqcor: no visible global function definition for 'quantile'
    var.shrink.eqcor: no visible global function definition for 'cov2cor'
    Undefined global functions or variables:
     axis contour cov2cor filled.contour lsfit quantile rainbow var
    Consider adding
     importFrom("grDevices", "rainbow")
     importFrom("graphics", "axis", "contour", "filled.contour")
     importFrom("stats", "cov2cor", "lsfit", "quantile", "var")
    to your NAMESPACE file.
Flavors: r-devel-linux-x86_64-debian-clang, r-devel-linux-x86_64-debian-gcc, r-devel-linux-x86_64-fedora-clang, r-devel-linux-x86_64-fedora-gcc, r-devel-windows-ix86+x86_64, r-patched-linux-x86_64, r-patched-solaris-x86, r-release-linux-x86_64, r-release-windows-ix86+x86_64, r-release-osx-x86_64, r-oldrel-windows-ix86+x86_64, r-oldrel-osx-x86_64