CRAN Package Check Results for Package BurStFin

Last updated on 2020-01-27 00:47:58 CET.

Flavor Version Tinstall Tcheck Ttotal Status Flags
r-devel-linux-x86_64-debian-clang 1.02 3.45 23.15 26.60 NOTE
r-devel-linux-x86_64-debian-gcc 1.02 2.63 18.16 20.79 NOTE
r-devel-linux-x86_64-fedora-clang 1.02 32.05 NOTE
r-devel-linux-x86_64-fedora-gcc 1.02 31.10 NOTE
r-devel-windows-ix86+x86_64 1.02 13.00 46.00 59.00 NOTE
r-devel-windows-ix86+x86_64-gcc8 1.02 6.00 34.00 40.00 NOTE
r-patched-linux-x86_64 1.02 2.68 21.38 24.06 NOTE
r-patched-solaris-x86 1.02 43.70 NOTE
r-release-linux-x86_64 1.02 2.83 21.26 24.09 NOTE
r-release-windows-ix86+x86_64 1.02 6.00 44.00 50.00 NOTE
r-release-osx-x86_64 1.02 NOTE
r-oldrel-windows-ix86+x86_64 1.02 3.00 32.00 35.00 NOTE
r-oldrel-osx-x86_64 1.02 NOTE

Check Details

Version: 1.02
Check: R code for possible problems
Result: NOTE
    alpha.proxy: no visible global function definition for 'filled.contour'
    alpha.proxy: no visible global function definition for 'axis'
    alpha.proxy: no visible global function definition for 'contour'
    factor.model.stat: no visible global function definition for 'quantile'
    factor.model.stat: no visible global function definition for 'lsfit'
    partial.rainbow: no visible binding for global variable 'rainbow'
    var.shrink.eqcor: no visible global function definition for 'var'
    var.shrink.eqcor: no visible global function definition for 'quantile'
    var.shrink.eqcor: no visible global function definition for 'cov2cor'
    Undefined global functions or variables:
     axis contour cov2cor filled.contour lsfit quantile rainbow var
    Consider adding
     importFrom("grDevices", "rainbow")
     importFrom("graphics", "axis", "contour", "filled.contour")
     importFrom("stats", "cov2cor", "lsfit", "quantile", "var")
    to your NAMESPACE file.
Flavors: r-devel-linux-x86_64-debian-clang, r-devel-linux-x86_64-debian-gcc, r-devel-linux-x86_64-fedora-clang, r-devel-linux-x86_64-fedora-gcc, r-devel-windows-ix86+x86_64, r-devel-windows-ix86+x86_64-gcc8, r-patched-linux-x86_64, r-patched-solaris-x86, r-release-linux-x86_64, r-release-windows-ix86+x86_64, r-release-osx-x86_64, r-oldrel-windows-ix86+x86_64, r-oldrel-osx-x86_64