CRAN Package Check Results for Package BiDAG

Last updated on 2019-08-25 01:47:10 CEST.

Flavor Version Tinstall Tcheck Ttotal Status Flags
r-devel-linux-x86_64-debian-clang 1.2.0 29.05 95.68 124.73 OK
r-devel-linux-x86_64-debian-gcc 1.2.0 23.22 74.34 97.56 OK
r-devel-linux-x86_64-fedora-clang 1.2.0 137.62 OK
r-devel-linux-x86_64-fedora-gcc 1.2.0 130.89 OK
r-devel-windows-ix86+x86_64 1.2.0 46.00 128.00 174.00 OK
r-patched-linux-x86_64 1.2.0 26.60 95.40 122.00 OK
r-patched-solaris-x86 1.2.0 158.50 OK
r-release-linux-x86_64 1.2.0 28.47 96.78 125.25 OK
r-release-windows-ix86+x86_64 1.2.0 54.00 156.00 210.00 OK
r-release-osx-x86_64 1.2.0 ERROR
r-oldrel-windows-ix86+x86_64 1.2.0 62.00 164.00 226.00 OK
r-oldrel-osx-x86_64 1.2.0 OK

Check Details

Version: 1.2.0
Check: package dependencies
Result: ERROR
    Package required but not available: ‘pcalg’
    
    See section ‘The DESCRIPTION file’ in the ‘Writing R Extensions’
    manual.
Flavor: r-release-osx-x86_64