CRAN Package Check Results for Package BiDAG

Last updated on 2020-01-27 00:47:58 CET.

Flavor Version Tinstall Tcheck Ttotal Status Flags
r-devel-linux-x86_64-debian-clang 1.2.0 30.47 85.05 115.52 OK
r-devel-linux-x86_64-debian-gcc 1.2.0 0.33 1.69 2.02 ERROR
r-devel-linux-x86_64-fedora-clang 1.2.0 144.05 OK
r-devel-linux-x86_64-fedora-gcc 1.2.0 139.61 OK
r-devel-windows-ix86+x86_64 1.2.0 68.00 158.00 226.00 OK
r-devel-windows-ix86+x86_64-gcc8 1.2.0 74.00 127.00 201.00 OK
r-patched-linux-x86_64 1.2.0 23.00 78.92 101.92 OK
r-patched-solaris-x86 1.2.0 158.20 OK
r-release-linux-x86_64 1.2.0 24.12 77.93 102.05 OK
r-release-windows-ix86+x86_64 1.2.0 46.00 101.00 147.00 OK
r-release-osx-x86_64 1.2.0 OK
r-oldrel-windows-ix86+x86_64 1.2.0 35.00 93.00 128.00 OK
r-oldrel-osx-x86_64 1.2.0 OK

Check Details

Version: 1.2.0
Check: package dependencies
Result: ERROR
    Package required but not available: ‘pcalg’
    
    See section ‘The DESCRIPTION file’ in the ‘Writing R Extensions’
    manual.
Flavor: r-devel-linux-x86_64-debian-gcc