CRAN Package Check Results for Package BIEN

Last updated on 2019-08-17 02:47:31 CEST.

Flavor Version Tinstall Tcheck Ttotal Status Flags
r-devel-linux-x86_64-debian-clang 1.2.3 5.57 38.71 44.28 OK --no-examples --no-tests --no-vignettes
r-devel-linux-x86_64-debian-gcc 1.2.3 4.93 31.44 36.37 OK --no-examples --no-tests --no-vignettes
r-devel-linux-x86_64-fedora-clang 1.2.3 53.30 OK --no-tests --no-vignettes
r-devel-linux-x86_64-fedora-gcc 1.2.3 51.79 OK --no-tests --no-vignettes
r-devel-windows-ix86+x86_64 1.2.3 18.00 120.00 138.00 OK --no-examples --no-tests --no-vignettes
r-patched-linux-x86_64 1.2.3 5.55 38.64 44.19 OK --no-examples --no-tests --no-vignettes
r-patched-solaris-x86 1.2.3 79.80 OK --no-tests --no-vignettes
r-release-linux-x86_64 1.2.3 5.40 38.63 44.03 OK --no-examples --no-tests --no-vignettes
r-release-windows-ix86+x86_64 1.2.3 16.00 61.00 77.00 OK --no-examples --no-tests --no-vignettes
r-release-osx-x86_64 1.2.3 OK
r-oldrel-windows-ix86+x86_64 1.2.3 11.00 82.00 93.00 OK --no-examples --no-tests --no-vignettes
r-oldrel-osx-x86_64 1.2.3 OK

Check Details

Version: 1.2.3
Check: tests
Result: FAIL
    
Flavor: r-release-osx-x86_64