CRAN Package Check Results for Package BGData

Last updated on 2019-09-20 01:47:39 CEST.

Flavor Version Tinstall Tcheck Ttotal Status Flags
r-devel-linux-x86_64-debian-clang 2.1.0 5.56 53.58 59.14 NOTE
r-devel-linux-x86_64-debian-gcc 2.1.0 5.15 40.66 45.81 NOTE
r-devel-linux-x86_64-fedora-clang 2.1.0 70.02 NOTE
r-devel-linux-x86_64-fedora-gcc 2.1.0 67.96 NOTE
r-devel-windows-ix86+x86_64 2.1.0 20.00 85.00 105.00 OK
r-patched-linux-x86_64 2.1.0 4.68 51.21 55.89 OK
r-patched-solaris-x86 2.1.0 96.90 OK
r-release-linux-x86_64 2.1.0 5.06 51.37 56.43 OK
r-release-windows-ix86+x86_64 2.1.0 12.00 85.00 97.00 OK
r-release-osx-x86_64 2.1.0 OK
r-oldrel-windows-ix86+x86_64 2.1.0 11.00 110.00 121.00 OK
r-oldrel-osx-x86_64 2.1.0 OK

Check Details

Version: 2.1.0
Check: for non-standard things in the check directory
Result: NOTE
    Found the following files/directories:
     'BGData_chr1'
Flavors: r-devel-linux-x86_64-debian-clang, r-devel-linux-x86_64-debian-gcc, r-devel-linux-x86_64-fedora-clang, r-devel-linux-x86_64-fedora-gcc