CRAN Package Check Results for Package BAT

Last updated on 2019-06-24 01:47:28 CEST.

Flavor Version Tinstall Tcheck Ttotal Status Flags
r-devel-linux-x86_64-debian-clang 1.6.0 17.61 148.98 166.59 OK
r-devel-linux-x86_64-debian-gcc 1.6.0 13.61 112.45 126.06 OK
r-devel-linux-x86_64-fedora-clang 1.6.0 196.81 OK
r-devel-linux-x86_64-fedora-gcc 1.6.0 183.98 OK
r-devel-windows-ix86+x86_64 1.6.0 51.00 219.00 270.00 OK
r-patched-linux-x86_64 1.6.0 16.71 144.34 161.05 OK
r-patched-solaris-x86 1.6.0 292.90 OK
r-release-linux-x86_64 1.6.0 16.41 148.86 165.27 OK
r-release-windows-ix86+x86_64 1.6.0 35.00 170.00 205.00 OK
r-release-osx-x86_64 1.6.0 WARN
r-oldrel-windows-ix86+x86_64 1.6.0 21.00 206.00 227.00 OK
r-oldrel-osx-x86_64 1.6.0 WARN

Check Details

Version: 1.6.0
Check: whether package can be installed
Result: WARN
    Found the following significant warnings:
     Warning: 'rgl_init' failed, running with rgl.useNULL = TRUE
Flavors: r-release-osx-x86_64, r-oldrel-osx-x86_64