CRAN Package Check Results for Package BALCONY

Last updated on 2019-08-18 01:46:05 CEST.

Flavor Version Tinstall Tcheck Ttotal Status Flags
r-devel-linux-x86_64-debian-clang 0.2.10 14.74 151.53 166.27 NOTE
r-devel-linux-x86_64-debian-gcc 0.2.10 13.06 117.41 130.47 NOTE
r-devel-linux-x86_64-fedora-clang 0.2.10 196.14 NOTE
r-devel-linux-x86_64-fedora-gcc 0.2.10 204.88 NOTE
r-devel-windows-ix86+x86_64 0.2.10 49.00 240.00 289.00 OK
r-patched-linux-x86_64 0.2.10 13.06 146.93 159.99 OK
r-patched-solaris-x86 0.2.10 286.40 NOTE
r-release-linux-x86_64 0.2.10 14.44 145.04 159.48 OK
r-release-windows-ix86+x86_64 0.2.10 38.00 216.00 254.00 OK
r-release-osx-x86_64 0.2.10 ERROR
r-oldrel-windows-ix86+x86_64 0.2.10 28.00 201.00 229.00 OK
r-oldrel-osx-x86_64 0.2.10 NOTE

Check Details

Version: 0.2.10
Check: for non-standard things in the check directory
Result: NOTE
    Found the following files/directories:
     'exemplary_input1.txt' 'exemplary_input2.txt'
Flavors: r-devel-linux-x86_64-debian-clang, r-devel-linux-x86_64-debian-gcc, r-devel-linux-x86_64-fedora-clang, r-devel-linux-x86_64-fedora-gcc

Version: 0.2.10
Check: dependencies in R code
Result: NOTE
    Namespace in Imports field not imported from: ‘base’
     All declared Imports should be used.
Flavors: r-devel-linux-x86_64-fedora-clang, r-devel-linux-x86_64-fedora-gcc, r-patched-solaris-x86, r-oldrel-osx-x86_64

Version: 0.2.10
Check: package dependencies
Result: ERROR
    Package required but not available: ‘Biostrings’
    
    See section ‘The DESCRIPTION file’ in the ‘Writing R Extensions’
    manual.
Flavor: r-release-osx-x86_64