CRAN Package Check Results for Package BALCONY

Last updated on 2019-12-05 00:51:47 CET.

Flavor Version Tinstall Tcheck Ttotal Status Flags
r-devel-linux-x86_64-debian-clang 0.2.10 16.13 160.65 176.78 WARN
r-devel-linux-x86_64-debian-gcc 0.2.10 14.30 128.33 142.63 NOTE
r-devel-linux-x86_64-fedora-clang 0.2.10 230.15 NOTE
r-devel-linux-x86_64-fedora-gcc 0.2.10 214.76 NOTE
r-devel-windows-ix86+x86_64 0.2.10 37.00 164.00 201.00 OK
r-devel-windows-ix86+x86_64-gcc8 0.2.10 36.00 157.00 193.00 OK
r-patched-linux-x86_64 0.2.10 15.27 150.06 165.33 OK
r-patched-solaris-x86 0.2.10 286.80 NOTE
r-release-linux-x86_64 0.2.10 17.00 158.12 175.12 OK
r-release-windows-ix86+x86_64 0.2.10 31.00 158.00 189.00 OK
r-release-osx-x86_64 0.2.10 WARN
r-oldrel-windows-ix86+x86_64 0.2.10 20.00 154.00 174.00 OK
r-oldrel-osx-x86_64 0.2.10 NOTE

Check Details

Version: 0.2.10
Check: whether the package can be unloaded cleanly
Result: WARN
    Error: package or namespace load failed for 'BALCONY':
     .onLoad failed in loadNamespace() for 'Biostrings', details:
     call: rgb(1, 1, 1)
     error: could not find function "rgb"
    Execution halted
Flavor: r-devel-linux-x86_64-debian-clang

Version: 0.2.10
Check: whether the namespace can be loaded with stated dependencies
Result: WARN
    Error: .onLoad failed in loadNamespace() for 'Biostrings', details:
     call: rgb(1, 1, 1)
     error: could not find function "rgb"
    Execution halted
    
    A namespace must be able to be loaded with just the base namespace
    loaded: otherwise if the namespace gets loaded by a saved object, the
    session will be unable to start.
    
    Probably some imports need to be declared in the NAMESPACE file.
Flavor: r-devel-linux-x86_64-debian-clang

Version: 0.2.10
Check: dependencies in R code
Result: NOTE
    Error: package or namespace load failed for 'BALCONY':
     .onLoad failed in loadNamespace() for 'Biostrings', details:
     call: rgb(1, 1, 1)
     error: could not find function "rgb"
    Call sequence:
    6: stop(msg, call. = FALSE, domain = NA)
    5: value[[3L]](cond)
    4: tryCatchOne(expr, names, parentenv, handlers[[1L]])
    3: tryCatchList(expr, classes, parentenv, handlers)
    2: tryCatch({
     attr(package, "LibPath") <- which.lib.loc
     ns <- loadNamespace(package, lib.loc)
     env <- attachNamespace(ns, pos = pos, deps, exclude, include.only)
     }, error = function(e) {
     P <- if (!is.null(cc <- conditionCall(e)))
     paste(" in", deparse(cc)[1L])
     else ""
     msg <- gettextf("package or namespace load failed for %s%s:\n %s",
     sQuote(package), P, conditionMessage(e))
     if (logical.return)
     message(paste("Error:", msg), domain = NA)
     else stop(msg, call. = FALSE, domain = NA)
     })
    1: library(package, lib.loc = lib.loc, character.only =
    Execution halted
Flavor: r-devel-linux-x86_64-debian-clang

Version: 0.2.10
Check: R code for possible problems
Result: NOTE
    Error: .onLoad failed in loadNamespace() for 'Biostrings', details:
     call: rgb(1, 1, 1)
     error: could not find function "rgb"
    Execution halted
Flavor: r-devel-linux-x86_64-debian-clang

Version: 0.2.10
Check: for non-standard things in the check directory
Result: NOTE
    Found the following files/directories:
     'exemplary_input1.txt' 'exemplary_input2.txt'
Flavors: r-devel-linux-x86_64-debian-clang, r-devel-linux-x86_64-debian-gcc, r-devel-linux-x86_64-fedora-clang, r-devel-linux-x86_64-fedora-gcc

Version: 0.2.10
Check: dependencies in R code
Result: NOTE
    Namespace in Imports field not imported from: ‘base’
     All declared Imports should be used.
Flavors: r-devel-linux-x86_64-fedora-clang, r-devel-linux-x86_64-fedora-gcc, r-patched-solaris-x86, r-oldrel-osx-x86_64

Version: 0.2.10
Check: whether package can be installed
Result: WARN
    Found the following significant warnings:
     Warning: 'rgl_init' failed, running with rgl.useNULL = TRUE
Flavor: r-release-osx-x86_64

Version: 0.2.10
Check: dependencies in R code
Result: NOTE
    No protocol specified
    Namespace in Imports field not imported from: ‘base’
     All declared Imports should be used.
Flavor: r-release-osx-x86_64

Version: 0.2.10
Check: S3 generic/method consistency
Result: WARN
    No protocol specified
    See section ‘Generic functions and methods’ in the ‘Writing R
    Extensions’ manual.
Flavor: r-release-osx-x86_64

Version: 0.2.10
Check: replacement functions
Result: WARN
    No protocol specified
    The argument of a replacement function which corresponds to the right
    hand side must be named ‘value’.
Flavor: r-release-osx-x86_64

Version: 0.2.10
Check: foreign function calls
Result: NOTE
    No protocol specified
    See chapter ‘System and foreign language interfaces’ in the ‘Writing R
    Extensions’ manual.
Flavor: r-release-osx-x86_64

Version: 0.2.10
Check: R code for possible problems
Result: NOTE
    No protocol specified
Flavor: r-release-osx-x86_64

Version: 0.2.10
Check: for missing documentation entries
Result: WARN
    No protocol specified
    All user-level objects in a package should have documentation entries.
    See chapter ‘Writing R documentation files’ in the ‘Writing R
    Extensions’ manual.
Flavor: r-release-osx-x86_64

Version: 0.2.10
Check: for code/documentation mismatches
Result: WARN
    No protocol specified
    No protocol specified
    No protocol specified
Flavor: r-release-osx-x86_64

Version: 0.2.10
Check: Rd \usage sections
Result: NOTE
    No protocol specified
    The \usage entries for S3 methods should use the \method markup and not
    their full name.
    See chapter ‘Writing R documentation files’ in the ‘Writing R
    Extensions’ manual.
Flavor: r-release-osx-x86_64