CRAN Package Check Results for Package AmostraBrasil

Last updated on 2019-08-24 01:49:52 CEST.

Flavor Version Tinstall Tcheck Ttotal Status Flags
r-devel-linux-x86_64-debian-clang 1.2 4.78 36.47 41.25 NOTE
r-devel-linux-x86_64-debian-gcc 1.2 3.21 29.49 32.70 NOTE
r-devel-linux-x86_64-fedora-clang 1.2 50.31 NOTE
r-devel-linux-x86_64-fedora-gcc 1.2 52.38 NOTE
r-devel-windows-ix86+x86_64 1.2 8.00 58.00 66.00 OK
r-patched-linux-x86_64 1.2 3.97 36.20 40.17 OK
r-patched-solaris-x86 1.2 126.40 NOTE
r-release-linux-x86_64 1.2 4.05 35.86 39.91 OK
r-release-windows-ix86+x86_64 1.2 14.00 112.00 126.00 OK
r-release-osx-x86_64 1.2 NOTE
r-oldrel-windows-ix86+x86_64 1.2 7.00 69.00 76.00 OK
r-oldrel-osx-x86_64 1.2 NOTE

Check Details

Version: 1.2
Check: for non-standard things in the check directory
Result: NOTE
    Found the following files/directories:
     'Pindoba_domicilios.dbf' 'Pindoba_geo.dbf'
Flavors: r-devel-linux-x86_64-debian-clang, r-devel-linux-x86_64-debian-gcc, r-devel-linux-x86_64-fedora-clang, r-devel-linux-x86_64-fedora-gcc

Version: 1.2
Check: data for non-ASCII characters
Result: NOTE
     Note: found 2380 marked UTF-8 strings
Flavors: r-devel-linux-x86_64-fedora-clang, r-devel-linux-x86_64-fedora-gcc, r-patched-solaris-x86, r-release-osx-x86_64, r-oldrel-osx-x86_64