Last updated on 2019-12-05 00:51:46 CET.
Flavor | Version | Tinstall | Tcheck | Ttotal | Status | Flags |
---|---|---|---|---|---|---|
r-devel-linux-x86_64-debian-clang | 0.3.0 | 1.87 | 19.63 | 21.50 | NOTE | |
r-devel-linux-x86_64-debian-gcc | 0.3.0 | 1.61 | 15.68 | 17.29 | NOTE | |
r-devel-linux-x86_64-fedora-clang | 0.3.0 | 28.71 | NOTE | |||
r-devel-linux-x86_64-fedora-gcc | 0.3.0 | 24.97 | NOTE | |||
r-devel-windows-ix86+x86_64 | 0.3.0 | 5.00 | 32.00 | 37.00 | NOTE | |
r-devel-windows-ix86+x86_64-gcc8 | 0.3.0 | 5.00 | 31.00 | 36.00 | NOTE | |
r-patched-linux-x86_64 | 0.3.0 | 1.73 | 18.81 | 20.54 | NOTE | |
r-patched-solaris-x86 | 0.3.0 | 37.70 | NOTE | |||
r-release-linux-x86_64 | 0.3.0 | 1.65 | 19.40 | 21.05 | NOTE | |
r-release-windows-ix86+x86_64 | 0.3.0 | 4.00 | 43.00 | 47.00 | NOTE | |
r-release-osx-x86_64 | 0.3.0 | NOTE | ||||
r-oldrel-windows-ix86+x86_64 | 0.3.0 | 2.00 | 30.00 | 32.00 | NOTE | |
r-oldrel-osx-x86_64 | 0.3.0 | NOTE |
Version: 0.3.0
Check: DESCRIPTION meta-information
Result: NOTE
Malformed Title field: should not end in a period.
Flavors: r-devel-linux-x86_64-debian-clang, r-devel-linux-x86_64-debian-gcc, r-devel-linux-x86_64-fedora-clang, r-devel-linux-x86_64-fedora-gcc, r-devel-windows-ix86+x86_64, r-devel-windows-ix86+x86_64-gcc8, r-patched-linux-x86_64, r-patched-solaris-x86, r-release-linux-x86_64, r-release-windows-ix86+x86_64, r-release-osx-x86_64, r-oldrel-windows-ix86+x86_64, r-oldrel-osx-x86_64
Version: 0.3.0
Check: R code for possible problems
Result: NOTE
plot.AUC: no visible global function definition for 'plot'
plot.AUC: no visible global function definition for 'lines'
Undefined global functions or variables:
lines plot
Consider adding
importFrom("graphics", "lines", "plot")
to your NAMESPACE file.
Flavors: r-devel-linux-x86_64-debian-clang, r-devel-linux-x86_64-debian-gcc, r-devel-linux-x86_64-fedora-clang, r-devel-linux-x86_64-fedora-gcc, r-devel-windows-ix86+x86_64, r-devel-windows-ix86+x86_64-gcc8, r-patched-linux-x86_64, r-patched-solaris-x86, r-release-linux-x86_64, r-release-windows-ix86+x86_64, r-release-osx-x86_64, r-oldrel-windows-ix86+x86_64, r-oldrel-osx-x86_64