CRAN Package Check Results for Package ANN2

Last updated on 2019-07-23 01:49:46 CEST.

Flavor Version Tinstall Tcheck Ttotal Status Flags
r-devel-linux-x86_64-debian-clang 2.3.2 383.33 53.54 436.87 OK
r-devel-linux-x86_64-debian-gcc 2.3.2 329.78 44.76 374.54 OK
r-devel-linux-x86_64-fedora-clang 2.3.2 857.70 NOTE
r-devel-linux-x86_64-fedora-gcc 2.3.2 690.21 OK
r-devel-windows-ix86+x86_64 2.3.2 668.00 145.00 813.00 NOTE
r-patched-linux-x86_64 2.3.2 353.65 54.55 408.20 OK
r-patched-solaris-x86 2.3.2 510.80 OK
r-release-linux-x86_64 2.3.2 351.34 54.49 405.83 OK
r-release-windows-ix86+x86_64 2.3.2 647.00 122.00 769.00 NOTE
r-release-osx-x86_64 2.3.2 NOTE
r-oldrel-windows-ix86+x86_64 2.3.2 882.00 151.00 1033.00 NOTE
r-oldrel-osx-x86_64 2.3.2 NOTE

Check Details

Version: 2.3.2
Check: installed package size
Result: NOTE
     installed size is 50.7Mb
     sub-directories of 1Mb or more:
     cereal 1.4Mb
     libs 49.1Mb
Flavors: r-devel-linux-x86_64-fedora-clang, r-devel-windows-ix86+x86_64, r-release-windows-ix86+x86_64, r-release-osx-x86_64, r-oldrel-windows-ix86+x86_64, r-oldrel-osx-x86_64