CRAN Package Check Results for Package ANN2

Last updated on 2019-11-12 00:52:37 CET.

Flavor Version Tinstall Tcheck Ttotal Status Flags
r-devel-linux-x86_64-debian-clang 2.3.2 437.18 57.51 494.69 OK
r-devel-linux-x86_64-debian-gcc 2.3.2 342.50 50.94 393.44 OK
r-devel-linux-x86_64-fedora-clang 2.3.2 883.78 NOTE
r-devel-linux-x86_64-fedora-gcc 2.3.2 669.90 OK
r-devel-windows-ix86+x86_64 2.3.2 721.00 115.00 836.00 NOTE
r-patched-linux-x86_64 2.3.2 349.91 56.00 405.91 OK
r-patched-solaris-x86 2.3.2 497.70 OK
r-release-linux-x86_64 2.3.2 350.54 57.37 407.91 OK
r-release-windows-ix86+x86_64 2.3.2 886.00 173.00 1059.00 NOTE
r-release-osx-x86_64 2.3.2 NOTE
r-oldrel-windows-ix86+x86_64 2.3.2 883.00 151.00 1034.00 NOTE
r-oldrel-osx-x86_64 2.3.2 NOTE

Check Details

Version: 2.3.2
Check: installed package size
Result: NOTE
     installed size is 56.8Mb
     sub-directories of 1Mb or more:
     cereal 1.4Mb
     libs 55.2Mb
Flavors: r-devel-linux-x86_64-fedora-clang, r-devel-windows-ix86+x86_64, r-release-windows-ix86+x86_64, r-release-osx-x86_64, r-oldrel-windows-ix86+x86_64, r-oldrel-osx-x86_64